{"id":488,"date":"2021-10-13T09:24:02","date_gmt":"2021-10-13T07:24:02","guid":{"rendered":"https:\/\/inwestujwmalopolsce.eu\/?page_id=488"},"modified":"2021-10-13T09:24:52","modified_gmt":"2021-10-13T07:24:52","slug":"ueber-das-projekt","status":"publish","type":"page","link":"https:\/\/inwestujwmalopolsce.eu\/?page_id=488&lang=de","title":{"rendered":"\u00dcber das Projekt"},"content":{"rendered":"<p>[vc_row][vc_column css=&#8221;.vc_custom_1633251494124{margin-top: 20px !important;}&#8221;][\/vc_column][\/vc_row][vc_row][vc_column][vc_single_image image=&#8221;416&#8243; img_size=&#8221;full&#8221; alignment=&#8221;center&#8221;][\/vc_column][\/vc_row][vc_row][vc_column][vc_column_text]<\/p>\n<h4 style=\"text-align: center;\">Das Projekt wird unter der Schirmherrschaft des Marschalls der Region Kleinpolen Witold Koz\u0142owski durchgef\u00fchrt.<\/h4>\n<p><img loading=\"lazy\" decoding=\"async\" class=\"size-full wp-image-426 aligncenter\" src=\"https:\/\/inwestujwmalopolsce.eu\/wp-content\/uploads\/2021\/10\/TVP3-logo-m.png\" alt=\"\" width=\"191\" height=\"81\" srcset=\"https:\/\/inwestujwmalopolsce.eu\/wp-content\/uploads\/2021\/10\/TVP3-logo-m.png 191w, https:\/\/inwestujwmalopolsce.eu\/wp-content\/uploads\/2021\/10\/TVP3-logo-m-50x21.png 50w, https:\/\/inwestujwmalopolsce.eu\/wp-content\/uploads\/2021\/10\/TVP3-logo-m-150x64.png 150w\" sizes=\"auto, (max-width:767px) 191px, 191px\" \/><\/p>\n<h4 style=\"text-align: center;\">Medienpatronage &#8211; TVP Krak\u00f3w<\/h4>\n<p>[\/vc_column_text][\/vc_column][\/vc_row][vc_row][vc_column][vc_column_text]<\/p>\n<p style=\"text-align: justify;\"><strong>Projekt kofinanziert durch den Europ\u00e4ischen Fonds f\u00fcr regionale Entwicklung.<\/strong><\/p>\n<p style=\"text-align: justify;\">Die Hauptziele des Projekts sind: wirtschaftliche Entwicklung der Woiwodschaft Kleinpolen und Unterst\u00fctzung der KMU in Kleinpolen bei ihrer Expansion in ausl\u00e4ndische M\u00e4rkte.<\/p>\n<p style=\"text-align: justify;\">Das erste der genannten Ziele wird durch eine Reihe von Aktivit\u00e4ten erreicht, die im Rahmen des Projekts durchgef\u00fchrt werden, darunter insbesondere:<\/p>\n<ul style=\"text-align: justify;\">\n<li>Teilnahme von 5 Vertretern kommunaler Gebietsk\u00f6rperschaften an der Wirtschaftsmesse Expo Real 2021 in M\u00fcnchen<\/li>\n<li>Start einer Website mit Informationen \u00fcber Investitionsgebiete in der Provinz Ma\u0142opolskie &#8211; die Website wird in drei Sprachversionen verf\u00fcgbar sein<\/li>\n<li>Durchf\u00fchrung einer Werbekampagne in sozialen Medien, Fernsehen und Fachzeitschriften.<\/li>\n<\/ul>\n<p style=\"text-align: justify;\">Die Durchf\u00fchrung der oben genannten Aktivit\u00e4ten wird die Verbreitung des Investitionsangebots der Woiwodschaft Kleinpolen im In- und Ausland erm\u00f6glichen und zur F\u00f6rderung der Wirtschaftsr\u00e4ume der Woiwodschaft Kleinpolen auf dem Inlands- und Auslandsmarkt beitragen.<\/p>\n<p style=\"text-align: justify;\">Das zweite Ziel wird durch die Teilnahme von Unternehmern aus dem KMU-Sektor aus der Woiwodschaft Kleinpolen an internationalen Wirtschaftsmessen als Aussteller \/ Teilnehmer erreicht. Der Messeteilnahme geht die Teilnahme der Projektteilnehmer an Kulturworkshops, Exportschulungen, Beratung u. a. voraus im Sinne einer Expansionsstrategie. Dar\u00fcber hinaus ist geplant, die Unternehmer mit Vertretern des Wissenschaftssektors zu paaren, was es erm\u00f6glichen wird, eine Reihe positiver Faktoren zu erzeugen, die sich aus einer solchen Zusammenarbeit ergeben, aber auch die Wirksamkeit der Beteiligung jedes Unternehmers an der organisierten Wirtschaft zu st\u00e4rken Missionen.<\/p>\n<p style=\"text-align: justify;\">Im Rahmen des Projekts k\u00f6nnen Unternehmen die Zahl ihrer ausl\u00e4ndischen Auftragnehmer erh\u00f6hen oder mit Exportaktivit\u00e4ten beginnen, neue Auftr\u00e4ge gewinnen, neue Gesch\u00e4ftskontakte kn\u00fcpfen, Erfahrungen durch die Teilnahme an Messen sammeln, die Gepflogenheiten in asiatischen M\u00e4rkten kennenlernen und Wissen sammeln \u00fcber das Angebot von Unternehmen mit \u00e4hnlichem Gesch\u00e4ftsprofil in anderen L\u00e4ndern.<\/p>\n<p style=\"text-align: justify;\">Auf jeder Messe bieten wir Reisekosten, Messeeintrittskarten, professionell gebaute Ausstellungsfl\u00e4chen, die M\u00f6glichkeit, das Unternehmen auf Messeveranstaltungen zu bewerben, \u00dcbersetzerdienste und die Organisation von B2B-Meetings mit potentiellen Investoren.<\/p>\n<p>Alle Aktivit\u00e4ten werden im Rahmen des Projekts &#8222;<strong>Umsetzung eines umfassenden Projekts zur Unterst\u00fctzung der Kreativwirtschaft von Ma\u0142opolska und der IKT auf den internationalen M\u00e4rkten sowie der Unterst\u00fctzung der Kommunalverwaltungen bei der Gewinnung von Investoren<\/strong>&#8221; durchgef\u00fchrt. aus Mitteln des Regionalen Operationellen Programms der Region Kleinpolen 2014-2020, Priorit\u00e4tsachse 3 Unternehmerisches Kleinpolen, Ma\u00dfnahme 3.3 Internationalisierung der Wirtschaft Kleinpolens, Unterma\u00dfnahme 3.3.1 Wirtschaftsf\u00f6rderung Kleinpolens.<\/p>\n<p style=\"text-align: justify;\"><span data-uw-styling-context=\"true\">Kofinanzierungsbetrag: <strong>5 629 016,85<\/strong> <strong>z\u0142otych<\/strong>.<\/span><\/p>\n<p style=\"text-align: justify;\"><span data-uw-styling-context=\"true\">Projektdurchf\u00fchrungszeit: <strong>01.01.2021 r. \u2013 31.12.2022 r.<\/strong><\/span><\/p>\n<p>[\/vc_column_text][\/vc_column][\/vc_row][vc_row][vc_column width=&#8221;1\/3&#8243;][vc_column_text]<\/p>\n<p style=\"text-align: center;\"><strong>Projektleiter<\/strong><\/p>\n<p>[\/vc_column_text][vc_column_text]<\/p>\n<p style=\"text-align: center;\"><strong data-uw-styling-context=\"true\">WEST MA\u0141OPOLSKA ENTWICKLUNGSAGENTUR<\/strong><\/p>\n<p style=\"text-align: center;\">32-500 Chrzan\u00f3w<br \/>\nul. Gr\u00fcnwaldzka 5<br \/>\nTelefon: 32 645-19-68<br \/>\nE-Mail: biuro@armz.pl<br \/>\n<a href=\"http:\/\/www.armz.pl\/\" target=\"_blank\" rel=\"noopener\"><strong data-uw-styling-context=\"true\">www.armz.pl<\/strong><\/a><\/p>\n<p>[\/vc_column_text][\/vc_column][vc_column width=&#8221;2\/3&#8243;][vc_column_text]<\/p>\n<p style=\"text-align: center;\"><strong>Projektpartner<\/strong><\/p>\n<p>[\/vc_column_text][vc_row_inner][vc_column_inner width=&#8221;1\/2&#8243;][vc_column_text]<\/p>\n<p style=\"text-align: center;\"><span data-uw-styling-context=\"true\"><strong data-uw-styling-context=\"true\">Bildungsgesellschaft des Chrzan\u00f3w-Landes in Chrzan\u00f3w<\/strong><strong data-uw-styling-context=\"true\"><br \/>\n<\/strong>32-500 Chrzan\u00f3w<br \/>\nul. Garncarska 30<br \/>\nTelefon: 32 645-19-98<strong data-uw-styling-context=\"true\"><br \/>\n<\/strong>E-Mail: tozch@tozch.edu.pl<\/span><br \/>\n<a href=\"http:\/\/www.tozch.edu.pl\/\" target=\"_blank\" rel=\"noopener\"><strong data-uw-styling-context=\"true\">www.tozch.edu.pl<\/strong><\/a><\/p>\n<p>[\/vc_column_text][\/vc_column_inner][vc_column_inner width=&#8221;1\/2&#8243;][vc_column_text]<\/p>\n<p style=\"text-align: center;\"><strong data-uw-styling-context=\"true\">Handelskammer Chrzan\u00f3w<\/strong><\/p>\n<p style=\"text-align: center;\"><span data-uw-styling-context=\"true\">32-500 Chrzan\u00f3w<\/span><br \/>\nul. Markt 12<br \/>\nTelefon: 32 754-15-65<br \/>\n<span data-uw-styling-context=\"true\">E-Mail: biuro@chrzanowskaizba.pl<\/span><br \/>\n<a href=\"http:\/\/www.chrzanowskaizba.pl\/\" target=\"_blank\" rel=\"noopener\"><strong data-uw-styling-context=\"true\">www.chrzanowskaizba.pl<\/strong><\/a><\/p>\n<p>[\/vc_column_text][\/vc_column_inner][\/vc_row_inner][\/vc_column][\/vc_row]<\/p>\n","protected":false},"excerpt":{"rendered":"<p>[vc_row][vc_column css=&#8221;.vc_custom_1633251494124{margin-top: 20px !important;}&#8221;][\/vc_column][\/vc_row][vc_row][vc_column][vc_single_image image=&#8221;416&#8243; img_size=&#8221;full&#8221; alignment=&#8221;center&#8221;][\/vc_column][\/vc_row][vc_row][vc_column][vc_column_text] Das Projekt wird unter der Schirmherrschaft des Marschalls der Region Kleinpolen Witold Koz\u0142owski durchgef\u00fchrt. Medienpatronage &#8211; TVP Krak\u00f3w [\/vc_column_text][\/vc_column][\/vc_row][vc_row][vc_column][vc_column_text]<\/p>\n","protected":false},"author":1,"featured_media":0,"parent":0,"menu_order":0,"comment_status":"closed","ping_status":"closed","template":"","meta":{"footnotes":""},"class_list":["post-488","page","type-page","status-publish","hentry"],"lang":"de","translations":{"de":488,"pl":85,"en":507,"es":523,"fr":635},"pll_sync_post":[],"_links":{"self":[{"href":"https:\/\/inwestujwmalopolsce.eu\/index.php?rest_route=\/wp\/v2\/pages\/488","targetHints":{"allow":["GET"]}}],"collection":[{"href":"https:\/\/inwestujwmalopolsce.eu\/index.php?rest_route=\/wp\/v2\/pages"}],"about":[{"href":"https:\/\/inwestujwmalopolsce.eu\/index.php?rest_route=\/wp\/v2\/types\/page"}],"author":[{"embeddable":true,"href":"https:\/\/inwestujwmalopolsce.eu\/index.php?rest_route=\/wp\/v2\/users\/1"}],"replies":[{"embeddable":true,"href":"https:\/\/inwestujwmalopolsce.eu\/index.php?rest_route=%2Fwp%2Fv2%2Fcomments&post=488"}],"version-history":[{"count":2,"href":"https:\/\/inwestujwmalopolsce.eu\/index.php?rest_route=\/wp\/v2\/pages\/488\/revisions"}],"predecessor-version":[{"id":490,"href":"https:\/\/inwestujwmalopolsce.eu\/index.php?rest_route=\/wp\/v2\/pages\/488\/revisions\/490"}],"wp:attachment":[{"href":"https:\/\/inwestujwmalopolsce.eu\/index.php?rest_route=%2Fwp%2Fv2%2Fmedia&parent=488"}],"curies":[{"name":"wp","href":"https:\/\/api.w.org\/{rel}","templated":true}]}}