{"id":507,"date":"2021-10-15T08:22:17","date_gmt":"2021-10-15T06:22:17","guid":{"rendered":"https:\/\/inwestujwmalopolsce.eu\/?page_id=507"},"modified":"2021-12-29T12:12:12","modified_gmt":"2021-12-29T11:12:12","slug":"about-project","status":"publish","type":"page","link":"https:\/\/inwestujwmalopolsce.eu\/?page_id=507&lang=en","title":{"rendered":"About project"},"content":{"rendered":"<p>[vc_row][vc_column css=&#8221;.vc_custom_1633251494124{margin-top: 20px !important;}&#8221;][\/vc_column][\/vc_row][vc_row][vc_column][vc_single_image image=&#8221;416&#8243; img_size=&#8221;full&#8221; alignment=&#8221;center&#8221;][\/vc_column][\/vc_row][vc_row][vc_column][vc_column_text]<\/p>\n<h4 style=\"text-align: center;\">The project is carried out under the patronage of the Marshal of the Lesser Poland Voivodeship Witold Koz\u0142owski<\/h4>\n<p><img loading=\"lazy\" decoding=\"async\" class=\"size-full wp-image-426 aligncenter\" src=\"https:\/\/inwestujwmalopolsce.eu\/wp-content\/uploads\/2021\/10\/TVP3-logo-m.png\" alt=\"\" width=\"191\" height=\"81\" srcset=\"https:\/\/inwestujwmalopolsce.eu\/wp-content\/uploads\/2021\/10\/TVP3-logo-m.png 191w, https:\/\/inwestujwmalopolsce.eu\/wp-content\/uploads\/2021\/10\/TVP3-logo-m-50x21.png 50w, https:\/\/inwestujwmalopolsce.eu\/wp-content\/uploads\/2021\/10\/TVP3-logo-m-150x64.png 150w\" sizes=\"auto, (max-width:767px) 191px, 191px\" \/><\/p>\n<h4 style=\"text-align: center;\">Media patron of TVP Cracow<\/h4>\n<p>[\/vc_column_text][\/vc_column][\/vc_row][vc_row][vc_column][vc_column_text]<strong>Project co-financed by the European Regional Development Fund.<\/strong><\/p>\n<p>The main goals of the project are: economic development of the Ma\u0142opolskie Voivodeship and support for Ma\u0142opolska SMEs in their expansion into foreign markets.<\/p>\n<p>The first of the indicated objectives will be achieved through a number of activities implemented under the project, including in particular:<\/p>\n<ul style=\"text-align: justify;\">\n<li>participation of 5 representatives of local government units in the Expo Real 2021 economic fair in Munich<\/li>\n<li>launching a website containing information on investment areas located in the province Ma\u0142opolskie &#8211; the website will be available in three language versions<\/li>\n<li>conducting an advertising campaign in social media, television and trade magazines.<\/li>\n<\/ul>\n<p>The implementation of the above-mentioned activities will allow the dissemination of the investment offer of the Ma\u0142opolskie Voivodeship both in the country and abroad and will contribute to the promotion of the economic areas of the Ma\u0142opolska Voivodeship on the domestic market and on foreign markets.<\/p>\n<p>The second goal will be achieved through the participation of entrepreneurs from the SME sector from the Ma\u0142opolskie Voivodeship in international economic fairs as an exhibitor \/ participant. Participation in the fair will be preceded by the participation of the project participants in cultural workshops, training on exports, consulting, among others in terms of creating an expansion strategy. In addition, it is planned to pair the entrepreneurs with representatives of the science sector, which will allow to generate a number of positive factors resulting from such cooperation, but also to strengthen the effectiveness of the participation of each of the entrepreneurs in the organized economic missions.<\/p>\n<p>As part of the project, companies will be able to increase the number of their foreign contractors or start exporting activities, gain new orders, gain new business contacts, gain experience by participating in trade fairs, learn about the customs in Asian markets and gain knowledge about the offer of companies with a similar business profile in other countries.<\/p>\n<p style=\"text-align: justify;\">At each fair, we offer travel costs, fair admission tickets, professionally built exhibition space, the possibility of promoting the company at fair events, translator services, and the organization of B2B meetings with potential investors.<\/p>\n<p style=\"text-align: justify;\">All activities are carried out under the project &#8222;<strong>Implementation of a comprehensive project involving support for the Ma\u0142opolska creative industry and ICT on international markets, and support for local government units in attracting investors<\/strong>&#8221; from the funds of the Regional Operational Program of the Ma\u0142opolska Region 2014-2020, Priority axis 3 Entrepreneurial Ma\u0142opolska, Measure 3.3 Internationalization of the Ma\u0142opolska economy, Sub-measure 3.3.1 Economic promotion of Ma\u0142opolska.<\/p>\n<p style=\"text-align: justify;\"><span data-uw-styling-context=\"true\">Co-financing amount: <strong>5 629 016,85<\/strong> <strong>z\u0142otych<\/strong>.<\/span><\/p>\n<p style=\"text-align: justify;\"><span data-uw-styling-context=\"true\">Project implementation time: <strong>01.01.2021 r. \u2013 31.12.2022 r.<\/strong><\/span><\/p>\n<p>[\/vc_column_text][\/vc_column][\/vc_row][vc_row][vc_column width=&#8221;1\/3&#8243;][vc_column_text]<\/p>\n<p style=\"text-align: center;\"><strong>Project leader<\/strong><\/p>\n<p>[\/vc_column_text][vc_column_text]<\/p>\n<p style=\"text-align: center;\"><strong data-uw-styling-context=\"true\">WEST MA\u0141OPOLSKA DEVELOPMENT AGENCY<\/strong><\/p>\n<p style=\"text-align: center;\"><span data-uw-styling-context=\"true\">32-500 Chrzan\u00f3w<\/span><br \/>\n<span data-uw-styling-context=\"true\">ul. Grunwaldzka 5<\/span><br \/>\nphone: 32 645-19-68<br \/>\n<span data-uw-styling-context=\"true\">e-mail: biuro@armz.pl<\/span><br \/>\n<a href=\"http:\/\/www.armz.pl\/\" target=\"_blank\" rel=\"noopener\"><strong data-uw-styling-context=\"true\">www.armz.pl<\/strong><\/a><\/p>\n<p>[\/vc_column_text][\/vc_column][vc_column width=&#8221;2\/3&#8243;][vc_column_text]<\/p>\n<p style=\"text-align: center;\"><strong>Project partners<\/strong><\/p>\n<p>[\/vc_column_text][vc_row_inner][vc_column_inner width=&#8221;1\/2&#8243;][vc_column_text]<\/p>\n<p style=\"text-align: center;\"><span data-uw-styling-context=\"true\"><strong data-uw-styling-context=\"true\">Educational Society of the Chrzan\u00f3w Land in Chrzan\u00f3w<\/strong><strong data-uw-styling-context=\"true\"><br \/>\n<\/strong>32-500 Chrzan\u00f3w<br \/>\nul. Garncarska 30<br \/>\nphone: 32 645-19-98<strong data-uw-styling-context=\"true\"><br \/>\n<\/strong>e-mail: tozch@tozch.edu.pl<\/span><br \/>\n<a href=\"http:\/\/www.tozch.edu.pl\/\" target=\"_blank\" rel=\"noopener\"><strong data-uw-styling-context=\"true\">www.tozch.edu.pl<\/strong><\/a><\/p>\n<p>[\/vc_column_text][\/vc_column_inner][vc_column_inner width=&#8221;1\/2&#8243;][vc_column_text]<\/p>\n<p style=\"text-align: center;\"><strong data-uw-styling-context=\"true\">Chrzan\u00f3w Chamber of Commerce<\/strong><\/p>\n<p style=\"text-align: center;\"><span data-uw-styling-context=\"true\">32-500 Chrzan\u00f3w<\/span><br \/>\n<span data-uw-styling-context=\"true\">ul. Market 12<\/span><br \/>\nphone: 32 754-15-65<br \/>\n<span data-uw-styling-context=\"true\">e-mail: biuro@chrzanowskaizba.pl<\/span><br \/>\n<a href=\"http:\/\/www.chrzanowskaizba.pl\/\" target=\"_blank\" rel=\"noopener\"><strong data-uw-styling-context=\"true\">www.chrzanowskaizba.pl<\/strong><\/a><\/p>\n<p>[\/vc_column_text][\/vc_column_inner][\/vc_row_inner][\/vc_column][\/vc_row]<\/p>\n","protected":false},"excerpt":{"rendered":"<p>[vc_row][vc_column css=&#8221;.vc_custom_1633251494124{margin-top: 20px !important;}&#8221;][\/vc_column][\/vc_row][vc_row][vc_column][vc_single_image image=&#8221;416&#8243; img_size=&#8221;full&#8221; alignment=&#8221;center&#8221;][\/vc_column][\/vc_row][vc_row][vc_column][vc_column_text] The project is carried out under the patronage of the Marshal of the Lesser Poland Voivodeship Witold Koz\u0142owski Media<\/p>\n","protected":false},"author":1,"featured_media":0,"parent":0,"menu_order":0,"comment_status":"closed","ping_status":"closed","template":"","meta":{"footnotes":""},"class_list":["post-507","page","type-page","status-publish","hentry"],"lang":"en","translations":{"en":507,"de":488,"pl":85,"es":523,"fr":635},"pll_sync_post":[],"_links":{"self":[{"href":"https:\/\/inwestujwmalopolsce.eu\/index.php?rest_route=\/wp\/v2\/pages\/507","targetHints":{"allow":["GET"]}}],"collection":[{"href":"https:\/\/inwestujwmalopolsce.eu\/index.php?rest_route=\/wp\/v2\/pages"}],"about":[{"href":"https:\/\/inwestujwmalopolsce.eu\/index.php?rest_route=\/wp\/v2\/types\/page"}],"author":[{"embeddable":true,"href":"https:\/\/inwestujwmalopolsce.eu\/index.php?rest_route=\/wp\/v2\/users\/1"}],"replies":[{"embeddable":true,"href":"https:\/\/inwestujwmalopolsce.eu\/index.php?rest_route=%2Fwp%2Fv2%2Fcomments&post=507"}],"version-history":[{"count":1,"href":"https:\/\/inwestujwmalopolsce.eu\/index.php?rest_route=\/wp\/v2\/pages\/507\/revisions"}],"predecessor-version":[{"id":508,"href":"https:\/\/inwestujwmalopolsce.eu\/index.php?rest_route=\/wp\/v2\/pages\/507\/revisions\/508"}],"wp:attachment":[{"href":"https:\/\/inwestujwmalopolsce.eu\/index.php?rest_route=%2Fwp%2Fv2%2Fmedia&parent=507"}],"curies":[{"name":"wp","href":"https:\/\/api.w.org\/{rel}","templated":true}]}}