{"id":592,"date":"2021-11-27T11:44:11","date_gmt":"2021-11-27T10:44:11","guid":{"rendered":"https:\/\/inwestujwmalopolsce.eu\/?page_id=592"},"modified":"2021-11-27T11:55:46","modified_gmt":"2021-11-27T10:55:46","slug":"the-municipality-of-babice","status":"publish","type":"page","link":"https:\/\/inwestujwmalopolsce.eu\/?page_id=592&lang=en","title":{"rendered":"The Municipality of Babice"},"content":{"rendered":"<p>[vc_row][vc_column css=&#8221;.vc_custom_1632478892604{margin-top: 20px !important;}&#8221;][\/vc_column][\/vc_row][vc_row][vc_column width=&#8221;1\/4&#8243;][vc_single_image image=&#8221;230&#8243; img_size=&#8221;165&#215;200&#8243; alignment=&#8221;center&#8221;][\/vc_column][vc_column width=&#8221;3\/4&#8243;][vc_column_text]<\/p>\n<h4 style=\"text-align: center;\"><strong>The Municipality of Babice<\/strong><\/h4>\n<p style=\"text-align: center;\">32-551 Babice<br \/>\nul. Krakowska 56<br \/>\n<a href=\"https:\/\/babice.pl\/\" target=\"_blank\" rel=\"noopener\">www.babice.pl<\/a><br \/>\ntel.: (32) 613-40-13<br \/>\nfax: (32) 613-40-02<br \/>\ne-mail: poczta@babice.pl<\/p>\n<p>[\/vc_column_text][\/vc_column][\/vc_row][vc_row][vc_column css=&#8221;.vc_custom_1632479144161{margin-top: -50px !important;margin-bottom: -50px !important;}&#8221;][vc_separator color=&#8221;sky&#8221; el_width=&#8221;90&#8243;][\/vc_column][\/vc_row][vc_row][vc_column][vc_column_text]<strong>Contact to people dedicated to investor service:<br \/>\n<\/strong><\/p>\n<p><strong>Natalia Motyl &#8211; Head of the Spatial Development and Property Management Department<\/strong><\/p>\n<p>Krakowska st. 56, 32-551 Babice, tel. 32\/ 613 40 13 ext. 52<\/p>\n<p>e-mail: <a href=\"mailto:motyl@babice.pl\">motyl@babice.pl<\/a>[\/vc_column_text][\/vc_column][\/vc_row][vc_row][vc_column][vc_separator color=&#8221;sky&#8221; el_width=&#8221;90&#8243;][\/vc_column][\/vc_row][vc_row][vc_column][vc_column_text]<\/p>\n<p style=\"text-align: justify;\"><strong>INVEST IN THE BABICE ECONOMIC ZONE<\/strong><\/p>\n<p><strong>THE BABICE BOROUGH <\/strong>is located in the north-western part of the Lesser Poland Voivodship, in Chrzan\u00f3w County, on the border of the southern part of the Tenczy\u0144ski Ridge and the Vistula Valley.\u00a0It covers an area of 54.4 km2. In 2020 it had 8909 inhabitants. It is a rural commune consisting of seven villages: Babice, Jankowice, M\u0119tk\u00f3w, Olszyny, Rozkoch\u00f3w, Wygie\u0142z\u00f3w and Zag\u00f3rze, where there are many attractive and specific places worth visiting. The greenest and the most idyllic of all boroughs of the County of Chrzan\u00f3w is its natural tourist centre. It attracts tourists with its pristine nature, beautiful views, and monuments of defensive, sacral and rural architecture. At the same time, attractive areas for housing construction and an excellent educational and social base far from the commotion of the city create an ideal climate for settling and peaceful living. The most recognisable tourist attractions are the 13th century Lipowiec Castle, the open-air museum in Wygie\u0142z\u00f3w and the cycling routes running through the picturesque landscapes of the municipality, including the Vistula Cycling Route.[\/vc_column_text][\/vc_column][\/vc_row][vc_row][vc_column][vc_separator color=&#8221;sky&#8221; el_width=&#8221;90&#8243;][\/vc_column][\/vc_row][vc_row][vc_column][vc_column_text]<\/p>\n<p style=\"text-align: justify;\"><strong>THE BABICE ECONOMIC ZONE<\/strong><\/p>\n<p style=\"text-align: justify;\">We encourage you to invest in the Commune of Babice &#8211; a place that is favourable to investors and creates a friendly climate for investment. The borough offers investment areas with a total area of over 57 ha, situated in an attractive location &#8211; in the immediate neighbourhood of the Babice and Wygie\u0142z\u00f3w bypass. According to the local spatial development plan, these areas have been dedicated to production and services. These parcels of land, as per the Decree of the Council of Ministers, have been covered by the Special Economic Zone, thanks to which entrepreneurs will be able to enjoy tax exemptions for 15 years. Since the year 2020 Babice borough has taken intensive actions in order to prepare investment areas for the needs of locating economic projects. To increase the attractiveness of the land for potential investors, water and sewage infrastructure was created and actions were taken to build internal roads, a stormwater drainage system and street lighting.<\/p>\n<p>[\/vc_column_text][vc_column_text]<\/p>\n<h5 style=\"text-align: justify;\"><strong><u>The advantages of the commune or why it is worth investing in the Babice borough<\/u><\/strong><\/h5>\n<h5 style=\"text-align: justify;\"><strong><u>Doskona\u0142a lokalizacja<\/u><\/strong><\/h5>\n<p style=\"text-align: justify;\">The Babice Borough is located in the north-western part of the Ma\u0142opolskie Voivodeship, in the county of Chrzan\u00f3w. Its convenient location in the so-called &#8222;golden mean&#8221; &#8211; almost equal distance between the agglomerations of Cracow (ca. 38 km) and Katowice (ca. 40 km), and close to O\u015bwi\u0119cim (ca. 22 km), as well as good transport connections ( Voivodship roads No. 780 and 781 run through the borough), close proximity to the Trzebinia-Chrzan\u00f3w junction of the A4 motorway (ca. 10 km), Katowice-Pyrzowice (65 km) and Cracow-Balice (about 35 km) airports as well as a railway junction) are great advantages, making it an attractive place for investments.<\/p>\n<ul>\n<li>Friendly, pervious and competent local government open to investors and their expectations.<\/li>\n<li>developing land infrastructure &#8211; water supply system, sewage system, electricity, gas and tele-technology.<\/li>\n<li>Available staff with the possibility of profiling candidates and training by PUP.<\/li>\n<li>Dynamically developing areas create great possibilities to build cooperation.<\/li>\n<\/ul>\n<p>[\/vc_column_text][vc_column_text]<\/p>\n<h5 style=\"text-align: justify;\"><strong><u>Special Economic Zone<\/u><\/strong><\/h5>\n<p>By virtue of the Ordinance of the Council of Ministers of 10 June 2019 altering the Ordinance on the Cracow Special Economic Zone (Journal of Laws of 2019, item 1101), the land located in the Babice Borough was included in the Cracow Special Economic Zone.<\/p>\n<p>Investors planning to start an investment in the borough of Babice may avail of<\/p>\n<p>CIT or PIT income tax exemption, for a period of 15 years.<\/p>\n<p>The Polish Investment Zone (PSI) is a form of support for businesses planning new investments.<\/p>\n<p>An investment can be located on all sites (private and public).<\/p>\n<p>The amount of public aid (tax exemption) is calculated based on the amount of investment expenditures borne by the entrepreneur for the execution of a new project or two-year costs of newly created jobs.<\/p>\n<p>The minimum investment outlays are respectively:<\/p>\n<ul>\n<li><strong>10 million PLN<\/strong> \/ large company<\/li>\n<li><strong>2 million PLN<\/strong> \/ medium-sized company<\/li>\n<li><strong>500 thousand PLN<\/strong> \/ small company<\/li>\n<li><strong>200 thousand PLN<\/strong> \/ micro company<\/li>\n<li><strong>500 thousand PLN<\/strong> \/ modern services sector<\/li>\n<\/ul>\n<p>[\/vc_column_text][vc_column_text]<\/p>\n<h5><strong><u>The benefits of operating in a special economic zone include:<\/u><\/strong><\/h5>\n<ul>\n<li>income tax exemptions,<\/li>\n<li>availability of attractive lands,<\/li>\n<li>possibility to take advantage of other investment incentives,<\/li>\n<li>administrative support.<\/li>\n<\/ul>\n<p>[\/vc_column_text][vc_column_text]<\/p>\n<h5 style=\"text-align: center;\"><strong><u>What do we offer:<\/u><\/strong><\/h5>\n<p style=\"text-align: justify;\"><strong>The Babice borough offers, among others, the following amenities for investors:<\/strong><\/p>\n<ul>\n<li>support during the entire investment process (from location planning to completion of execution),<\/li>\n<li>willingness to cooperate with the investor in the process of applying for the legally required permissions and consents,<\/li>\n<li>readiness to cooperate with the investor in the process of applying to the representatives of the technical media for the legally required permissions and consents,<\/li>\n<li>in the event of investments on private land, assistance in negotiations with landowners,<\/li>\n<li>friendly, professional, and prompt investor service.<\/li>\n<\/ul>\n<p><strong>The Municipality of Babice, along with the County Labour Office in Chrzan\u00f3w, has designed a support system for potential investors consisting in the selection of and preparation through a series of training sessions of employees according to the reported demand.<\/strong>[\/vc_column_text][\/vc_column][\/vc_row][vc_row][vc_column][vc_separator color=&#8221;sky&#8221; el_width=&#8221;90&#8243;][\/vc_column][\/vc_row][vc_row][vc_column][vc_column_text]<\/p>\n<h5>More info about us:<\/h5>\n<ul>\n<li><a href=\"https:\/\/babice.pl\/filmy-promocyjne\/inwestycje.mp4\" target=\"_blank\" rel=\"noopener\">https:\/\/babice.pl\/filmy-promocyjne\/inwestycje.mp4<\/a><\/li>\n<li><a href=\"https:\/\/www.facebook.com\/watch\/?v=1956757004348119\" target=\"_blank\" rel=\"noopener\">https:\/\/www.facebook.com\/watch\/?v=1956757004348119<\/a><\/li>\n<li><a href=\"https:\/\/przelom.pl\/30896-grunty-na-sprzedaz-pieniadze-pojda-na-uzbrojenie.html\" target=\"_blank\" rel=\"noopener\">https:\/\/przelom.pl\/30896-grunty-na-sprzedaz-pieniadze-pojda-na-uzbrojenie.html<\/a><\/li>\n<li><a href=\"https:\/\/przelom.pl\/29798-wicepremier-gowin-i-minister-emilewicz-wreczyli-nagrode-wojtowi-babic.html\" target=\"_blank\" rel=\"noopener\">https:\/\/przelom.pl\/29798-wicepremier-gowin-i-minister-emilewicz-wreczyli-nagrode-wojtowi-babic.html<\/a><\/li>\n<li><a href=\"https:\/\/krakow.tvp.pl\/55814287\/11092021-1830\" target=\"_blank\" rel=\"noopener\">https:\/\/krakow.tvp.pl\/55814287\/11092021-1830<\/a><\/li>\n<\/ul>\n<p>[\/vc_column_text][\/vc_column][\/vc_row][vc_row][vc_column][vc_separator color=&#8221;sky&#8221; el_width=&#8221;90&#8243;][\/vc_column][\/vc_row][vc_row][vc_column][vc_column_text]<\/p>\n<h5>List of site data:<\/h5>\n<ul>\n<li><a href=\"https:\/\/inwestujwmalopolsce.eu\/wp-content\/uploads\/2021\/09\/Lista-danych-dotyczacych-terenu-1.pdf\" target=\"_blank\" rel=\"noopener\">List of the site data 1<\/a><\/li>\n<li><a href=\"https:\/\/inwestujwmalopolsce.eu\/wp-content\/uploads\/2021\/09\/Lista-danych-dotyczacych-terenu-2.pdf\" target=\"_blank\" rel=\"noopener\">List of the site data 2<\/a><\/li>\n<\/ul>\n<p>[\/vc_column_text][\/vc_column][\/vc_row][vc_row][vc_column][vc_separator color=&#8221;sky&#8221; el_width=&#8221;90&#8243;][\/vc_column][\/vc_row][vc_row][vc_column][vc_media_grid element_width=&#8221;3&#8243; grid_id=&#8221;vc_gid:1638009374687-71a5492a-20c9-10&#8243; include=&#8221;232,233,234,235,236,237,238,239&#8243;][\/vc_column][\/vc_row]<\/p>\n","protected":false},"excerpt":{"rendered":"<p>[vc_row][vc_column css=&#8221;.vc_custom_1632478892604{margin-top: 20px !important;}&#8221;][\/vc_column][\/vc_row][vc_row][vc_column width=&#8221;1\/4&#8243;][vc_single_image image=&#8221;230&#8243; img_size=&#8221;165&#215;200&#8243; alignment=&#8221;center&#8221;][\/vc_column][vc_column width=&#8221;3\/4&#8243;][vc_column_text] The Municipality of Babice 32-551 Babice ul. Krakowska 56 www.babice.pl tel.: (32) 613-40-13 fax: (32) 613-40-02 e-mail:<\/p>\n","protected":false},"author":1,"featured_media":0,"parent":582,"menu_order":0,"comment_status":"closed","ping_status":"closed","template":"","meta":{"footnotes":""},"class_list":["post-592","page","type-page","status-publish","hentry"],"lang":"en","translations":{"en":592,"es":554,"pl":89,"de":606,"fr":654},"pll_sync_post":[],"_links":{"self":[{"href":"https:\/\/inwestujwmalopolsce.eu\/index.php?rest_route=\/wp\/v2\/pages\/592","targetHints":{"allow":["GET"]}}],"collection":[{"href":"https:\/\/inwestujwmalopolsce.eu\/index.php?rest_route=\/wp\/v2\/pages"}],"about":[{"href":"https:\/\/inwestujwmalopolsce.eu\/index.php?rest_route=\/wp\/v2\/types\/page"}],"author":[{"embeddable":true,"href":"https:\/\/inwestujwmalopolsce.eu\/index.php?rest_route=\/wp\/v2\/users\/1"}],"replies":[{"embeddable":true,"href":"https:\/\/inwestujwmalopolsce.eu\/index.php?rest_route=%2Fwp%2Fv2%2Fcomments&post=592"}],"version-history":[{"count":1,"href":"https:\/\/inwestujwmalopolsce.eu\/index.php?rest_route=\/wp\/v2\/pages\/592\/revisions"}],"predecessor-version":[{"id":593,"href":"https:\/\/inwestujwmalopolsce.eu\/index.php?rest_route=\/wp\/v2\/pages\/592\/revisions\/593"}],"up":[{"embeddable":true,"href":"https:\/\/inwestujwmalopolsce.eu\/index.php?rest_route=\/wp\/v2\/pages\/582"}],"wp:attachment":[{"href":"https:\/\/inwestujwmalopolsce.eu\/index.php?rest_route=%2Fwp%2Fv2%2Fmedia&parent=592"}],"curies":[{"name":"wp","href":"https:\/\/api.w.org\/{rel}","templated":true}]}}