{"id":595,"date":"2021-11-27T11:54:59","date_gmt":"2021-11-27T10:54:59","guid":{"rendered":"https:\/\/inwestujwmalopolsce.eu\/?page_id=595"},"modified":"2021-11-27T11:54:59","modified_gmt":"2021-11-27T10:54:59","slug":"the-municipality-of-chrzanow","status":"publish","type":"page","link":"https:\/\/inwestujwmalopolsce.eu\/?page_id=595&lang=en","title":{"rendered":"The Municipality of Chrzan\u00f3w"},"content":{"rendered":"<p>[vc_row][vc_column css=&#8221;.vc_custom_1632557546829{margin-top: 20px !important;}&#8221;][\/vc_column][\/vc_row][vc_row][vc_column width=&#8221;1\/4&#8243;][vc_single_image image=&#8221;372&#8243; img_size=&#8221;151&#215;200&#8243; alignment=&#8221;center&#8221;][\/vc_column][vc_column width=&#8221;3\/4&#8243;][vc_column_text]<\/p>\n<h4 style=\"text-align: center;\">The Municipality of Chrzan\u00f3w<\/h4>\n<p style=\"text-align: center;\">32-500 Chrzan\u00f3w<br \/>\nAleja Henryka 20<br \/>\n<a href=\"https:\/\/www.chrzanow.pl\/\" target=\"_blank\" rel=\"noopener\">www.chrzanow.pl<\/a><br \/>\ntel.: (32) 758-51-01<br \/>\ne-mail: sekretariat@chrzanow.pl<\/p>\n<p>[\/vc_column_text][\/vc_column][\/vc_row][vc_row][vc_column][vc_separator color=&#8221;sky&#8221; el_width=&#8221;90&#8243; css=&#8221;.vc_custom_1632557736053{margin-top: -50px !important;margin-bottom: -50px !important;}&#8221;][\/vc_column][\/vc_row][vc_row][vc_column][vc_column_text]<\/p>\n<h5 style=\"text-align: justify;\"><strong>Site:<\/strong><\/h5>\n<ul>\n<li>Location: Southern Poland\/Western Ma\u0142opolska<\/li>\n<li>Area: 79.44 km2 (urban area &#8211; 38.32 km2)<\/li>\n<li>Population: 46 321<\/li>\n<li>Neighbouring communes: Jaworzno, Trzebinia, Libi\u0105\u017c, Babice, Alwernia<\/li>\n<\/ul>\n<p>Chrzan\u00f3w&#8217;s significant advantage is its location on the border of two regions with substantial economic, social and cultural potential \u2013 Lesser Poland and Silesia, exactly between their capitals: Cracow and Katowice. Chrzan\u00f3w is connected with these two centres by the A4 motorway (there are as many as 3 junctions) and the national road no. 79. The town has a convenient connection with the airports in Cracow-Balice (Krak\u00f3w Airport) and Katowice-Pyrzowice (Katowice Airport) which are located 20 and 45 minutes by car respectively. Two important railway lines also run through the borough: the modernised line no. 133 connecting Cracow with D\u0105browa G\u00f3rnicza and the, at present undergoing reconstruction, line no. 93 which connects Trzebinia with Zebrzydowice.[\/vc_column_text][vc_column_text]<\/p>\n<h5 style=\"text-align: justify;\"><strong>Tourism<\/strong><\/h5>\n<p>Vivid history, monuments, picturesque nooks vast forest areas, numerous cultural and sports events are the advantages of Chrzan\u00f3w borough, located on the border of Lesser Poland and Silesia. Chrzan\u00f3w is a town with a centuries-old history, founded under the Magdeburg Law in the Middle Ages. To this date, the original spatial layout of the Old Town (around the Market Square) has remained unchanged, along with the characteristic St. Nicholas&#8217; Church. St. Nicholas is also the patron of the town. At the beginning of its existence, Chrzan\u00f3w was a centre where a customs chamber was located. In the following centuries it became a craftsmen and merchant town. For centuries, it was a multicultural place. It is worth mentioning that between 1815 and 1846 it was an essential part of the Republic of Cracow. At the turn of the 19th and 20th centuries it became an industrial town, where, among others, the First Locomotive Factory in Poland &#8222;Fablok&#8221; had its headquarters.<\/p>\n<p>Chrzan\u00f3w provides many possibilities for active recreation. Forest areas, covering 1\/3 of the commune, are perfect for hiking and cycling trips. From one side, the town is surrounded by picturesque quarry hills and from the other site- by the Chrzan\u00f3w Valley full of backwaters. Suburban villages are full of charming nooks. From the slopes of Pogorzyce and P\u0142aza hills there stretches a stunning view of the Vistula valley and the panoramas of the Beskidy and Tatry mountains. The borough is also an excellent base for exploring the region&#8217;s attractions &#8211; within several dozen minutes by car you can reache.g. Cracow, Katowice, Bielsko, \u017bywiec or Wadowice.<\/p>\n<p>Chrzan\u00f3w is a place where many unique cultural events are taking place, addressed to a broad group of recipients. Exhibitions, lectures, music and folklore reviews, authors&#8217; meetings, concerts, competitions, workshops, film shows and outdoor events &#8211; everyone will find something for themselves. The cultural offer is constantly being enlarged.[\/vc_column_text][vc_column_text]<\/p>\n<h5 style=\"text-align: justify;\"><strong>Business\/investment zone<\/strong><\/h5>\n<p><strong>Extensive investment opportunities, transportation accessibility, high quality of the labour market, favourable social climate make Chrzan\u00f3w a friendly, attractive, and competitive environment for business development.<\/strong><\/p>\n<p><strong>Chrzan\u00f3w is changing very intensively. Alongside public investments, private investors are also very active. Companies such as Dan Cake, Valeo Lightning, Swisspor and many others do not only run their businesses here &#8211; in the last years these 3 entities among others have also made strategic decisions on further development of their units in Chrzan\u00f3w. In total they will invest about PLN 100,000,000 to upbuild their facilities, modernize and extend their production capacity. Moreover &#8211; the fact of planning to move their research centres to Chrzan\u00f3w is a clear sign that the environment in which they are located is very beneficial for them and that they associate their future with it. The previously mentioned companies are not the only ones who have chosen Chrzan\u00f3w as a place with a considerable potential for development. Life is coming back to the former PFL Fablok Inc plant and its neighbouring areas. Hydro Extrusions, an international aluminium processing company, has been functioning there for years. Not long ago, the production halls of Fablok were bought and smaller entities settled in the surroundings, including an innovative Polish company &#8211; Dynamic Technology LLC &#8211; the creator of high-class automotive, household and utility chemicals under the NanoMax brand.<\/strong><\/p>\n<p>At the same time, developer housing estates are being built, the municipality is preparing its investments in rental housing and council houses. Single-family housing is also on the rise.<\/p>\n<p>The attractiveness of the town as a good place to live and invest in is continuously improving. The next significant step on this path will be the completion of the biggest in decades railway investment programme in Chrzan\u00f3w, i.e. the modernisation of the railway line no. 93. Within its scope, the railway flyovers over Krakowska st., 29 Listopada st., Kad\u0142ubek st. and Zbo\u017cowa st. are being rebuilt. This task, together with municipal road investments between Krakowska and 29 Listopada streets, will definitely improve the quality, safety and comfort of travel in Chrzan\u00f3w. Thanks to the reconstruction of the tracks, railway stops and contact system, the town will also gain a smooth and fast railway connection with Cracow, O\u015bwi\u0119cim, Krzeszowice and Zabierz\u00f3w.<\/p>\n<p>The town focuses on three priorities:<\/p>\n<ul>\n<li>an investment zone on the A4 and gaining new investors,<\/li>\n<li>support for housing and single-family housing,<\/li>\n<li>ecology.<\/li>\n<\/ul>\n<p>[\/vc_column_text][vc_column_text]According to the already existing plan, approx. 100 ha are intended for production facilities, warehouses, and storages, as well as production and service objects. The zone will ultimately cover an area of approx. 280 ha. Within the bounds of the draft plan, areas will be designated with a permit for the location of devices generating energy from renewable sources in excess of 100 kW. The strategic assumption of the plan is to designate part of the area for the construction of a Waste Thermal Processing Facility &#8222;ekospalarnia&#8221;, which will meet the ecological and energy needs of the municipality and neighbouring towns. It is also intended to develop the transport system serving the newly created operational areas. Due to the fact, that the borough is currently in the process of enlarging the zone it can still implement solutions dedicated to a particular investor.<\/p>\n<p>Chrzan\u00f3w is a pervious town and supports all companies, irrespective of their industry or specialization. The municipality cares about all new investments that are economically stimulating for it, with the reservation that due to the environmental protection being a priority for the municipality, it is essential that it is an activity that takes it into consideration. In accordance with the provisions of the strategy, the municipality&#8217;s priority is to create conditions for creative businesses engaged in innovative activities, therefore the city particularly seeks representatives of such sectors as &#8222;life science&#8221; or companies using the GOZ model. Because of the existence of automotive companies already in the city, the municipality would like to host more companies from this sector, and given its cooperation with the European Investment Bank, the municipality is also interested in establishing contacts with investors operating in the sustainable housing sector.[\/vc_column_text][vc_column_text]<\/p>\n<h5 style=\"text-align: justify;\">Polish Investment Zone<\/h5>\n<p>Investors planning to invest in the Chrzan\u00f3w borough may take advantage of CIT or PIT income tax exemption within the Polish Investment Zone (PSI).<\/p>\n<p>The investments can be located on both private and public areas.<\/p>\n<ul>\n<li>Large enterprise: 35%<\/li>\n<li>Medium enterprise: 45%<\/li>\n<li>Small and micro enterprise: 55%<\/li>\n<\/ul>\n<p>Exceptionally, in the Chrzan\u00f3w brough are the lowest investment outlay thersholds in relation to the majority of the Ma\u0142opolska region, which enable the investment to be covered by aid. For example, for an investment of a large enterprise in Krak\u00f3w to receive aid \u2013 the investment outlay should be at least PLN 100 milion, which is 10 times more than in Chrzan\u00f3w!<\/p>\n<p>Type of enterprise minimal investment in Chrzan\u00f3w.<\/p>\n<p>A large enterprise 10 milion PLN<\/p>\n<p>A medium enterprise 2 milion PLN<\/p>\n<p>A small enterprise 500\u00a0000 PLN<\/p>\n<p>A micro enterprise 200\u00a0000 PLN<\/p>\n<p>Investors, in order to obtain aid, must meet 5 out of 10 criteria-only 4 remain to be met by those who decide to invest in Chrzan\u00f3w.[\/vc_column_text][\/vc_column][\/vc_row][vc_row][vc_column][vc_separator color=&#8221;sky&#8221; el_width=&#8221;90&#8243;][\/vc_column][\/vc_row][vc_row][vc_column][vc_column_text]<\/p>\n<h5 style=\"text-align: center;\">Chrzan\u00f3w in 3d<\/h5>\n<p>[\/vc_column_text][vc_row_inner][vc_column_inner width=&#8221;1\/2&#8243;][vc_column_text]<\/p>\n<p style=\"text-align: center;\">Industrial service and investment area<\/p>\n<p>[\/vc_column_text][vc_single_image image=&#8221;313&#8243; img_size=&#8221;full&#8221; alignment=&#8221;center&#8221;][vc_btn title=&#8221;Preview&#8221; color=&#8221;sky&#8221; align=&#8221;center&#8221; link=&#8221;url:http%3A%2F%2Fchrzanow.polska3d.pl%2F%3Fscene%3DChrzan%C3%B3w%26cX%3D250.7183%26cY%3D1810.3724%26cZ%3D931.6792%26upX%3D0.0000%26upY%3D0.0000%26upZ%3D1.0000%26tX%3D892.4556%26tY%3D2176.6227%26tZ%3D303.2310|title:Zobacz%20podgl%C4%85d|target:_blank&#8221; css=&#8221;.vc_custom_1638010485531{margin-top: -40px !important;}&#8221;][\/vc_column_inner][vc_column_inner width=&#8221;1\/2&#8243;][vc_column_text]<\/p>\n<p style=\"text-align: center;\">Residental service and investment area<\/p>\n<p>[\/vc_column_text][vc_single_image image=&#8221;314&#8243; img_size=&#8221;full&#8221; alignment=&#8221;center&#8221;][vc_btn title=&#8221;Preview&#8221; color=&#8221;sky&#8221; align=&#8221;center&#8221; link=&#8221;url:http%3A%2F%2Fchrzanow.polska3d.pl%2F%3Fscene%3DChrzan%C3%B3w%26cX%3D1581.0741%26cY%3D868.7806%26cZ%3D598.0670%26upX%3D0.0000%26upY%3D0.0000%26upZ%3D1.0000%26tX%3D1242.7956%26tY%3D762.2533%26tZ%3D302.7462|title:Zobacz%20podgl%C4%85d|target:_blank&#8221; css=&#8221;.vc_custom_1638010491909{margin-top: -40px !important;}&#8221;][\/vc_column_inner][\/vc_row_inner][\/vc_column][\/vc_row][vc_row][vc_column css=&#8221;.vc_custom_1632560435530{margin-top: -40px !important;}&#8221;][vc_separator color=&#8221;sky&#8221; el_width=&#8221;90&#8243;][\/vc_column][\/vc_row][vc_row][vc_column][vc_media_grid element_width=&#8221;3&#8243; grid_id=&#8221;vc_gid:1638010109180-3814cd31-372d-9&#8243; include=&#8221;293,294,295,296&#8243;][\/vc_column][\/vc_row]<\/p>\n","protected":false},"excerpt":{"rendered":"<p>[vc_row][vc_column css=&#8221;.vc_custom_1632557546829{margin-top: 20px !important;}&#8221;][\/vc_column][\/vc_row][vc_row][vc_column width=&#8221;1\/4&#8243;][vc_single_image image=&#8221;372&#8243; img_size=&#8221;151&#215;200&#8243; alignment=&#8221;center&#8221;][\/vc_column][vc_column width=&#8221;3\/4&#8243;][vc_column_text] The Municipality of Chrzan\u00f3w 32-500 Chrzan\u00f3w Aleja Henryka 20 www.chrzanow.pl tel.: (32) 758-51-01 e-mail: sekretariat@chrzanow.pl [\/vc_column_text][\/vc_column][\/vc_row][vc_row][vc_column][vc_separator color=&#8221;sky&#8221;<\/p>\n","protected":false},"author":1,"featured_media":0,"parent":582,"menu_order":0,"comment_status":"closed","ping_status":"closed","template":"","meta":{"footnotes":""},"class_list":["post-595","page","type-page","status-publish","hentry"],"lang":"en","translations":{"en":595,"es":556,"pl":97,"fr":657},"pll_sync_post":[],"_links":{"self":[{"href":"https:\/\/inwestujwmalopolsce.eu\/index.php?rest_route=\/wp\/v2\/pages\/595","targetHints":{"allow":["GET"]}}],"collection":[{"href":"https:\/\/inwestujwmalopolsce.eu\/index.php?rest_route=\/wp\/v2\/pages"}],"about":[{"href":"https:\/\/inwestujwmalopolsce.eu\/index.php?rest_route=\/wp\/v2\/types\/page"}],"author":[{"embeddable":true,"href":"https:\/\/inwestujwmalopolsce.eu\/index.php?rest_route=\/wp\/v2\/users\/1"}],"replies":[{"embeddable":true,"href":"https:\/\/inwestujwmalopolsce.eu\/index.php?rest_route=%2Fwp%2Fv2%2Fcomments&post=595"}],"version-history":[{"count":1,"href":"https:\/\/inwestujwmalopolsce.eu\/index.php?rest_route=\/wp\/v2\/pages\/595\/revisions"}],"predecessor-version":[{"id":596,"href":"https:\/\/inwestujwmalopolsce.eu\/index.php?rest_route=\/wp\/v2\/pages\/595\/revisions\/596"}],"up":[{"embeddable":true,"href":"https:\/\/inwestujwmalopolsce.eu\/index.php?rest_route=\/wp\/v2\/pages\/582"}],"wp:attachment":[{"href":"https:\/\/inwestujwmalopolsce.eu\/index.php?rest_route=%2Fwp%2Fv2%2Fmedia&parent=595"}],"curies":[{"name":"wp","href":"https:\/\/api.w.org\/{rel}","templated":true}]}}