{"id":599,"date":"2021-12-29T10:30:16","date_gmt":"2021-12-29T09:30:16","guid":{"rendered":"https:\/\/inwestujwmalopolsce.eu\/?page_id=599"},"modified":"2021-12-29T10:30:16","modified_gmt":"2021-12-29T09:30:16","slug":"the-municipality-of-andrychow","status":"publish","type":"page","link":"https:\/\/inwestujwmalopolsce.eu\/?page_id=599&lang=en","title":{"rendered":"The Municipality of Andrych\u00f3w"},"content":{"rendered":"<p>[vc_row][vc_column css=&#8221;.vc_custom_1632481409967{margin-top: 20px !important;}&#8221;][\/vc_column][\/vc_row][vc_row][vc_column width=&#8221;1\/4&#8243;][vc_single_image image=&#8221;379&#8243; img_size=&#8221;170&#215;200&#8243; alignment=&#8221;center&#8221;][\/vc_column][vc_column width=&#8221;3\/4&#8243;][vc_column_text]<\/p>\n<h4 style=\"text-align: center;\">The Municipality of Andrych\u00f3w<\/h4>\n<p style=\"text-align: center;\">34-120 Andrych\u00f3w<br \/>\nul. Rynek 15<br \/>\n<a href=\"https:\/\/andrychow.eu\/\" target=\"_blank\" rel=\"noopener\">www.andrychow.eu<\/a><br \/>\nphone: (33) 842-99-00 lub (33) 875-23-60<br \/>\nfax: (33) 875-29-16<br \/>\ne-mail: info@andrychow.eu<\/p>\n<p>[\/vc_column_text][\/vc_column][\/vc_row][vc_row][vc_column][vc_separator color=&#8221;sky&#8221; el_width=&#8221;90&#8243; css=&#8221;.vc_custom_1632481474838{margin-top: -50px !important;margin-bottom: -50px !important;}&#8221;][\/vc_column][\/vc_row][vc_row][vc_column][vc_column_text]The town and municipality of Andrych\u00f3w is located in the South of Poland. It is in the closest proximity to such cities as: Cracow, Bielsko-Bia\u0142a as well as Wadowice and O\u015bwi\u0119cim. Given its location, the municipality is a very attractive tourist centre of Beskid Ma\u0142y. Andrych\u00f3w offers an excellent base for leisure, where one can have fun and relax in many different ways. It is diversity that is the actual magnet if this area, which makes you take delight in and fall in love with the Beskidy hills forever. It is a place awash with attractions.<\/p>\n<p>The greatest natural values of the municipality are:<\/p>\n<ul>\n<li>vast areas of fields on hills without any building, with expansive panoramic views in all directions,<\/li>\n<li>numerous valleys of streams and brooks, which are in the major part inflows of the Wieprz\u00f3wka river,<\/li>\n<li>a variety of natural forms such as forests, wooded valleys and gorges, rocky exposures, and xerothermic turfs.<\/li>\n<\/ul>\n<p>[\/vc_column_text][vc_column_text]Forests cover 40% of the municipality, where the following forms of environment protection are in place:<\/p>\n<ul>\n<li>The Beskid Ma\u0142y Landscape Park with its buffer zone<\/li>\n<li>Madohora Nature Reserve<\/li>\n<li>The Natura 2000 area &#8211; Special Area of Habitat Protection Beskid Ma\u0142y (PLH240023)<\/li>\n<li>Documentation site &#8222;Potok Rzyczanka&#8221; (&#8222;Rzyczanka Stream&#8221;)<\/li>\n<li>12 natural monuments<\/li>\n<\/ul>\n<p>The picturesque Beskid Ma\u0142y Landscape Park itself occupies 42% of the Andrych\u00f3w municipality, and together with the buffer zone even a greater chunk of 81% of the total area. The Park was established in order to protect the unique natural, landscape and cultural values of Beskid Ma\u0142y, with concurrent development of educational, scientific, tourist and recreational functions.<\/p>\n<p>The Andrych\u00f3w is situated on 100 km2 and, based on data from the end of 2020, is inhabited by approximately 43\u2019000 people.[\/vc_column_text][vc_column_text]Two major transportation routes &#8211; the national road DK 52 (East-West direction) and the regional road DW 781 (North-South) provides excellent external connections in the following directions:<\/p>\n<ul>\n<li>eastwards to Wadowice and Cracow,<\/li>\n<li>westwards to O\u015bwi\u0119cim County and Bielsko-Bia\u0142a (Silesia Voivodeship),<\/li>\n<li>northwards to the northern part of the Wadowice County and Zator (O\u015bwi\u0119cim County),<\/li>\n<li>southwards to the county of \u017bywiec.<\/li>\n<\/ul>\n<p>The road system is supplemented by county and municipal roads, providing local connections with the neighbouring municipalities. Besides the road infrastructure, the transport links are also supplemented by the secondary single-track railway line no. 117 between Kalwaria Zebrzydowska Lanckorona and Bielsko-Bia\u0142a G\u0142\u00f3wna (East-West direction).<\/p>\n<p>Locally, railway transport offers connections only between the town of Andrych\u00f3w and the village of Inwa\u0142d. The transport system of Andrych\u00f3w, in the part involving elements of the supra-local network, is important for how the municipality can further develop. At present, the DK 52 road is the main transport corridor and passes through highly urbanised areas.<\/p>\n<p>The construction of the Beskid Integration Road, linking Bielsko-Bia\u0142a with G\u0142ogocz\u00f3w near Cracow, is planned to be conluded by 2031. The road, 61 km long, is to be a bypass for K\u0119ty, Andrych\u00f3w, Wadowice and Kalwaria Zebrzydowska. The investment will diminish the negative effects of increased wheeled traffic on the DK 52 road and will enable the road to be fully incorporated into the municipal internal transport service, and most importantly will open an effective link between the Cracow agglomeration and the Czech Republic and Slovakia, via the dynamic Bielsko-Bia\u0142a agglomeration, but also unlock the development potential for neighbouring towns including Andrych\u00f3w. There will be new stimuli for the economic development and settlement functions as this investment will have a considerable impact on Andrych\u00f3w\u2019s investment attractiveness.<\/p>\n<p style=\"text-align: justify;\">Municipal public transport is currently made of 9 transport lines, connecting the town of Andrych\u00f3w with all the villages. On the basis of the agreement concluded with Komunikacja Beskidzka (Beskidy Communication), there is also a connection between K\u0119ty and Andrych\u00f3w (via Bulowice and Czaniec). Moreover, public transport is provided by private carriers in the directions of, among others, Wadowice, Chocznia, Wieliczka, and K\u0119ty, Wieprz and Frydrychowice.<\/p>\n<p>[\/vc_column_text][vc_column_text]The town of Andrych\u00f3w has industrial traditions dating back to the 18th century. It overcame problems connected with the political transformation and is now also developing as an industrial centre.<\/p>\n<p>Andrych\u00f3w is one of the most significant industrial centres in the Ma\u0142opolskie Voivodeship. Various industrial branches are growing, and more and more new businesses decide to place their activities here. This is largely due to Economic Activity Zone which was established in 2008. The Zone is 27.95 ha large, of which 15.9 ha were incorporated as the Andrych\u00f3w Subzone into the Cracow Special Economic Zone.<\/p>\n<p>Investors planning to start investments in the Andrych\u00f3w municipality may take advantage of CIT or PIT exemptions for the period of 12 years.<\/p>\n<p>The Polish Investment Zone (PSI) is another form of support for businesses planning on new investments.<\/p>\n<p>The investment can be located on all sites (private and public).[\/vc_column_text][vc_column_text]The amount of public welfare (tax exemption) is calculated on the basis of the amount of investment expenditures borne by the entrepreneur for the implementation of a new project or the two-year cost of newly created jobs.<\/p>\n<p>The minimum investment outlays are as follows:<\/p>\n<ul>\n<li>large company: 60 million PLN;<\/li>\n<li>medium company: 12 million PLN;<\/li>\n<li>small company: 3 million PLN;<\/li>\n<li>micro company: 1.2 million PLN.<\/li>\n<\/ul>\n<p>Tourism is the second, after industry, very important and rapidly developing branch of the Andrych\u00f3w&#8217;s economy. Andrych\u00f3w\u2019s location at the heart of Beskid Ma\u0142y makes it an ideal base for trips, and various forms of recreation on offer are attracting more and more tourists every year.<\/p>\n<p>The uptake of tourist is linked with a noticeable increase in the number of agritourist farmhouses popping up, as well as with the modernisation of the already existing ones and so a broader accommodation base in general.[\/vc_column_text][vc_column_text]The surroundings of Andrych\u00f3w are a superb place for a one-day or a few-day recreation in both summer and winter; after all, Andrych\u00f3w is a place awash with attractions!<\/p>\n<p>In the winter you can go skiing or snowboarding on the slopes located in the &#8222;Czarny Gro\u0144&#8221; and &#8222;Kocierz&#8221; centres, and in the summer you can go hiking in the mountains along the trails of Beskid Ma\u0142y or both summer and winter enjoy the other attractions of the municipality.<\/p>\n<p>These include:<\/p>\n<ul>\n<li>Miniature Park &#8222;Dream World&#8221;;<\/li>\n<li>Inwa\u0142d Fortress;<\/li>\n<li>The Garden of John Paul II;<\/li>\n<li>The Dinosaurs and Amusement Park &#8222;Dinolandia&#8221;;<\/li>\n<li>The &#8222;Kucyk&#8221; (&#8222;Pony&#8221;) Mini Zoo;<\/li>\n<li>Magic Village in the &#8222;Czarny Gro\u0144&#8221; complex;<\/li>\n<li>Natural Aquapark and rope park in the &#8222;Kocierz&#8221; complex;<\/li>\n<li>Indoor swimming pool;<\/li>\n<li>Outdoor swimming pool;<\/li>\n<li>&#8222;Hucu\u0142y\u201d stanitsa;<\/li>\n<li>Historical and Ethnographic Museum.<\/li>\n<\/ul>\n<p>[\/vc_column_text][\/vc_column][\/vc_row][vc_row][vc_column][vc_separator color=&#8221;sky&#8221; el_width=&#8221;90&#8243;][\/vc_column][\/vc_row][vc_row][vc_column][vc_column_text]<strong>Spatial information system, investment areas:<\/strong><\/p>\n<ul>\n<li><a href=\"https:\/\/andrychow.e-mapa.net\/\" target=\"_blank\" rel=\"noopener\">https:\/\/andrychow.e-mapa.net\/<\/a><\/li>\n<\/ul>\n<p><strong>The history of Andrych\u00f3w:\/strong&gt;<\/strong><\/p>\n<ul>\n<li><a href=\"https:\/\/andrychow.eu\/gmina-andrychow\/\" target=\"_blank\" rel=\"noopener\">https:\/\/andrychow.eu\/gmina-andrychow\/<\/a><\/li>\n<li><a href=\"https:\/\/andrychow.eu\/gmina-andrychow\/\" target=\"_blank\" rel=\"noopener\">https:\/\/andrychow.eu\/gmina-andrychow\/<\/a><\/li>\n<li><a href=\"https:\/\/andrychow.eu\/turystyka\/historia-andrychowa\/\" target=\"_blank\" rel=\"noopener\">https:\/\/andrychow.eu\/turystyka\/historia-andrychowa\/<\/a><\/li>\n<\/ul>\n<p><strong>Tourism:<\/strong><\/p>\n<ul>\n<li><a href=\"http:\/\/www.moskit-andrychow.eu\/\" target=\"_blank\" rel=\"noopener\">http:\/\/www.moskit-andrychow.eu\/<\/a><\/li>\n<\/ul>\n<p>[\/vc_column_text][\/vc_column][\/vc_row][vc_row][vc_column][vc_separator color=&#8221;sky&#8221; el_width=&#8221;90&#8243;][\/vc_column][\/vc_row][vc_row][vc_column][vc_media_grid element_width=&#8221;3&#8243; grid_id=&#8221;vc_gid:1640769924612-2a7dbf88-f6ac-3&#8243; include=&#8221;247,248,250,251,252,253&#8243;][\/vc_column][\/vc_row]<\/p>\n","protected":false},"excerpt":{"rendered":"<p>[vc_row][vc_column css=&#8221;.vc_custom_1632481409967{margin-top: 20px !important;}&#8221;][\/vc_column][\/vc_row][vc_row][vc_column width=&#8221;1\/4&#8243;][vc_single_image image=&#8221;379&#8243; img_size=&#8221;170&#215;200&#8243; alignment=&#8221;center&#8221;][\/vc_column][vc_column width=&#8221;3\/4&#8243;][vc_column_text] The Municipality of Andrych\u00f3w 34-120 Andrych\u00f3w ul. Rynek 15 www.andrychow.eu phone: (33) 842-99-00 lub (33) 875-23-60 fax:<\/p>\n","protected":false},"author":1,"featured_media":0,"parent":582,"menu_order":0,"comment_status":"closed","ping_status":"closed","template":"","meta":{"footnotes":""},"class_list":["post-599","page","type-page","status-publish","hentry"],"lang":"en","translations":{"en":599,"pl":91,"de":587,"es":603,"fr":651},"pll_sync_post":[],"_links":{"self":[{"href":"https:\/\/inwestujwmalopolsce.eu\/index.php?rest_route=\/wp\/v2\/pages\/599","targetHints":{"allow":["GET"]}}],"collection":[{"href":"https:\/\/inwestujwmalopolsce.eu\/index.php?rest_route=\/wp\/v2\/pages"}],"about":[{"href":"https:\/\/inwestujwmalopolsce.eu\/index.php?rest_route=\/wp\/v2\/types\/page"}],"author":[{"embeddable":true,"href":"https:\/\/inwestujwmalopolsce.eu\/index.php?rest_route=\/wp\/v2\/users\/1"}],"replies":[{"embeddable":true,"href":"https:\/\/inwestujwmalopolsce.eu\/index.php?rest_route=%2Fwp%2Fv2%2Fcomments&post=599"}],"version-history":[{"count":1,"href":"https:\/\/inwestujwmalopolsce.eu\/index.php?rest_route=\/wp\/v2\/pages\/599\/revisions"}],"predecessor-version":[{"id":600,"href":"https:\/\/inwestujwmalopolsce.eu\/index.php?rest_route=\/wp\/v2\/pages\/599\/revisions\/600"}],"up":[{"embeddable":true,"href":"https:\/\/inwestujwmalopolsce.eu\/index.php?rest_route=\/wp\/v2\/pages\/582"}],"wp:attachment":[{"href":"https:\/\/inwestujwmalopolsce.eu\/index.php?rest_route=%2Fwp%2Fv2%2Fmedia&parent=599"}],"curies":[{"name":"wp","href":"https:\/\/api.w.org\/{rel}","templated":true}]}}