{"id":603,"date":"2021-12-29T10:44:46","date_gmt":"2021-12-29T09:44:46","guid":{"rendered":"https:\/\/inwestujwmalopolsce.eu\/?page_id=603"},"modified":"2021-12-29T12:20:35","modified_gmt":"2021-12-29T11:20:35","slug":"comuna-de-andrychow","status":"publish","type":"page","link":"https:\/\/inwestujwmalopolsce.eu\/?page_id=603&lang=es","title":{"rendered":"Comuna de Andrych\u00f3w"},"content":{"rendered":"<p>[vc_row][vc_column css=&#8221;.vc_custom_1632481409967{margin-top: 20px !important;}&#8221;][\/vc_column][\/vc_row][vc_row][vc_column width=&#8221;1\/4&#8243;][vc_single_image image=&#8221;379&#8243; img_size=&#8221;170&#215;200&#8243; alignment=&#8221;center&#8221;][\/vc_column][vc_column width=&#8221;3\/4&#8243;][vc_column_text]<\/p>\n<h4 style=\"text-align: center;\">Comuna de Andrych\u00f3w<\/h4>\n<p style=\"text-align: center;\">34-120 Andrych\u00f3w<br \/>\nul. Rynek 15<br \/>\n<a href=\"https:\/\/andrychow.eu\/\" target=\"_blank\" rel=\"noopener\">www.andrychow.eu<\/a><br \/>\ntel\u00e9fono: 0048 (33) 842-99-00 o 0048 (33) 875-23-60<br \/>\nfax: 0048 (33) 875-29-16<br \/>\nCorreo electr\u00f3nico: info@andrychow.eu<\/p>\n<p>[\/vc_column_text][\/vc_column][\/vc_row][vc_row][vc_column][vc_separator color=&#8221;sky&#8221; el_width=&#8221;90&#8243; css=&#8221;.vc_custom_1632481474838{margin-top: -50px !important;margin-bottom: -50px !important;}&#8221;][\/vc_column][\/vc_row][vc_row][vc_column][vc_column_text]La ciudad y la comuna de Andrych\u00f3w se encuentran en el sur de Polonia. En las inmediaciones de Andrych\u00f3w se encuentran ciudades como: Cracovia, Bielsko-Bia\u0142a, Wadowice y O\u015bwi\u0119cim. Debido a su ubicaci\u00f3n, se trata de un centro tur\u00edstico muy atractivo de las monta\u00f1as de Peque\u00f1o Beskids (en polaco: Beskid Ma\u0142y). La comuna de Andrych\u00f3w es una excelente base de ocio y recreaci\u00f3n donde uno puede divertirse y relajarse de diversas formas. Esta diversidad es el im\u00e1n que permite deleitarse y enamorarse de las monta\u00f1as de Peque\u00f1o Beskids. \u00a1Es un lugar tejido de atracciones!<\/p>\n<p>Los mayores valores naturales de la comuna son:<\/p>\n<ul>\n<li>extensos campos no urbanizados en un terreno monta\u00f1oso con amplias vistas panor\u00e1micas en todas las direcciones,<\/li>\n<li>numerosos valles con arroyos, la mayor\u00eda de los cuales son afluentes del r\u00edo Wieprz\u00f3wka,<\/li>\n<li>una serie de diferentes relieves y espacios naturales como bosques, valles y barrancos arbolados, afloramientos rocosos y praderas xerot\u00e9rmicas.<\/li>\n<\/ul>\n<p>[\/vc_column_text][vc_column_text]Los bosques cubren el 40% de la comuna y cuentan con las siguientes formas de protecci\u00f3n de la naturaleza:<\/p>\n<ul>\n<li>Parque paisaj\u00edstico de los Peque\u00f1o Beskids con su zona de amortiguamiento<\/li>\n<li>Reserva natural de Madohora<\/li>\n<li>\u00c1rea Natura 2000 [Obszar Natura 2000] &#8211; \u00c1rea especial de conservaci\u00f3n para h\u00e1bitats Beskid Ma\u0142y (PLH240023)<\/li>\n<li>Estaci\u00f3n &#8222;Potok Rzyczanka&#8221;<\/li>\n<li>12 monumentos naturales<\/li>\n<\/ul>\n<p>El pintoresco parque paisaj\u00edstico de los peque\u00f1os Beskids cubre el 42% de la comuna de Andrych\u00f3w pero si se incluye la zona de amortiguamiento, incluso el 81% de su superficie. El parque fue creado para proteger los especiales valores naturales, paisaj\u00edsticos y culturales de la regi\u00f3n de Beskid Ma\u0142y y a la vez desarrollar sus funciones did\u00e1cticas, cient\u00edficas, tur\u00edsticas y recreativas.<\/p>\n<p>La comuna de Andrych\u00f3w cubre el \u00e1rea de 100 km<sup>2 <\/sup>y seg\u00fan datos de finales de 2020, est\u00e1 habitada por unos 43 mil residentes.[\/vc_column_text][vc_column_text]La ubicaci\u00f3n de la comuna en la intersecci\u00f3n de dos rutas de transporte &#8211; la carretera nacional DK 52 (direcci\u00f3n este-oeste) y la carretera provincial DW 781 (direcci\u00f3n norte-sur) proporciona unas excelentes conexiones externas de la comuna en la direcci\u00f3n:<\/p>\n<ul>\n<li>al este, hacia Wadowice y Cracovia,<\/li>\n<li>al oeste, hacia el distrito de O\u015bwi\u0119cim y Bielsko-Bia\u0142a (voivodato de \u015al\u0105skie),<\/li>\n<li>al norte, hacia la parte norte de Wadowice y Zator (distrito de O\u015bwi\u0119cim),<\/li>\n<li>al sur, hacia el distrito de \u017bywiec.<\/li>\n<\/ul>\n<p>El sistema de carreteras de transporte se complementa con carreteras de distrito y comunales, que proporcionan conexiones locales con las comunas vecinas. de la infraestructura de carreteras, las conexiones de transporte se complementan con la l\u00ednea ferroviaria secundaria de v\u00eda \u00fanica n\u00ba 117 entre Kalwaria Zebrzydowska Lanckorona y Bielsko-Bia\u0142a G\u0142\u00f3wna (direcci\u00f3n este-oeste).<\/p>\n<p>En t\u00e9rminos locales, el transporte ferroviario proporciona conexiones solo entre la ciudad de Andrych\u00f3w y el pueblode Inwa\u0142d. La red de transporte de Andrych\u00f3w es un factor importante para el desarrollo de la comuna. Actualmente, la carretera DK 52 es el principal corredor de transporte y pasa por zonas muy urbanizadas.<\/p>\n<p>De aqu\u00ed a 2031 est\u00e1 prevista la construcci\u00f3n de la carretera de integraci\u00f3n de Beskid [Beskidzka Droga Integracyjna], que unir\u00e1 Bielsko-Bia\u0142a con la ciudad de G\u0142ogocz\u00f3w, cerca de Cracovia. La carretera, de 61 km, ser\u00e1 una circunvalaci\u00f3n para K\u0119ty, Andrych\u00f3w, Wadowice y Kalwaria Zebrzydowska La inversi\u00f3n reducir\u00e1 los efectos negativos del aumento del tr\u00e1fico de veh\u00edculos en la carretera DK 52 y permitir\u00e1 incorporarla plenamente a la red de transporte local de la comuna y, sobre todo, facilitar\u00e1 la apertura de un enlace eficaz entre la aglomeraci\u00f3n de Cracovia y la Rep\u00fablica Checa y Eslovaquia, a trav\u00e9s de la din\u00e1mica aglomeraci\u00f3n de Bielsko-Bia\u0142a. Adem\u00e1s, el proyecto fomentar\u00e1 el desarrollo de las ciudades, incluida Andrych\u00f3w. Se producir\u00e1n nuevos est\u00edmulos para el desarrollo econ\u00f3mico para la poblaci\u00f3n, ya que esta inversi\u00f3n tendr\u00e1 un impacto significativo en el atractivo de la inversi\u00f3n de la comuna.<\/p>\n<p>El transporte p\u00fablico colectivo dentro local consta de 9 l\u00edneas de comunicaci\u00f3n que conectan la ciudad de Andrych\u00f3w con todos los pueblos. En el marco del acuerdo celebrado con Komunikacja Beskidzka, tambi\u00e9n se explota una conexi\u00f3n entre K\u0119ty y Andrych\u00f3w (v\u00eda Bulowice y Czaniec). Adem\u00e1s, el transporte p\u00fablico lo realizan transportistas privados, incluidos en las direcciones de: Wadowice, Chocznia, Wieprz, Frydrychowice.[\/vc_column_text][vc_column_text]<\/p>\n<p class=\"P68B1DB1-Normalny1\" style=\"margin-bottom: 11.25pt; text-align: justify; line-height: normal; background: white; vertical-align: baseline;\">La ciudad de Andrych\u00f3w tiene tradiciones industriales que se remontan al siglo XVIII. Ha superado los problemas asociados a la transformaci\u00f3n pol\u00edtica y ahora tambi\u00e9n se est\u00e1 desarrollando como centro industrial.<\/p>\n<p class=\"P68B1DB1-Normalny1\" style=\"margin-bottom: 11.25pt; text-align: justify; line-height: normal; background: white; vertical-align: baseline;\">Andrych\u00f3w es uno de los centros industriales m\u00e1s importantes del Voivodato de la Polonia Menor. Varias industrias se est\u00e1n desarrollando y cada vez son m\u00e1s las nuevas empresas que deciden instalar sus negocios en la comuna. Esto se debe en gran parte al establecimiento de una Zona de Actividad Econ\u00f3mica de 27,95 ha en su \u00e1rea en 2008, de las cuales 15,9 ha se incluyeron como la Subzona de Andrych\u00f3w en la Zona Econ\u00f3mica Especial de Cracovia.<\/p>\n<p class=\"P68B1DB1-Normalny1\" style=\"margin-bottom: 11.25pt; text-align: justify; line-height: normal; background: white; vertical-align: baseline;\">Los inversores que planean realizar sus proyectos en la comuna de Andrych\u00f3w pueden aprovechar la exenci\u00f3n del impuesto sobre la renta durante un per\u00edodo de 12 a\u00f1os.<\/p>\n<p class=\"P68B1DB1-Normalny1\" style=\"margin-bottom: 11.25pt; text-align: justify; line-height: normal; background: white; vertical-align: baseline;\">La Zona de Inversi\u00f3n Polaca (Polska Strefa Inwestycji o PSI) es una forma de apoyo a las empresas que prev\u00e9n la realizaci\u00f3n de nuevas inversiones.<\/p>\n<p class=\"P68B1DB1-Normalny1\" style=\"text-align: justify; line-height: normal; background: white; vertical-align: baseline;\">La inversi\u00f3n se puede realizar en todo tipo de terreno (privado y p\u00fablico).<\/p>\n<p>[\/vc_column_text][vc_column_text]El importe de la ayuda p\u00fablica (exenci\u00f3n fiscal) se calcula en funci\u00f3n del desembolso de inversi\u00f3n realizado por el empresario para la realizaci\u00f3n de un nuevo proyecto o del coste de dos a\u00f1os de los puestos de trabajo reci\u00e9n creados.<\/p>\n<p>Los desembolsos m\u00ednimos de inversi\u00f3n son los siguientes:<\/p>\n<ul>\n<li>gran empresa: 60 millones PLN<\/li>\n<li>empresa mediana: 12 millones PLN<\/li>\n<li>peque\u00f1a empresa: 3 millones PLN<\/li>\n<li>microempresa: 1,2 millones PLN<\/li>\n<\/ul>\n<p>El turismo es la segunda, despu\u00e9s de la industria, rama de la econom\u00eda de Andrych\u00f3w, muy importante y de r\u00e1pido desarrollo. La ubicaci\u00f3n de la comuna de Andrych\u00f3w en el coraz\u00f3n de la regi\u00f3n de Peque\u00f1o Beskids lo convierte en un excelente punto de emprender excursiones. Las diversas formas de recreaci\u00f3n que se ofrecen en su \u00e1rea atraen cada a\u00f1o a m\u00e1s turistas.<\/p>\n<p>El aumento del turismo conlleva un notable incremento del n\u00famero de explotaciones agrotur\u00edsticas, la modernizaci\u00f3n de las existentes y la ampliaci\u00f3n de la oferta hotelera.[\/vc_column_text][vc_column_text]Los alrededores de Andrych\u00f3w son un lugar ideal para uno o varios d\u00edas de descanso tanto en verano como en invierno, al fin y al cabo <em>\u00a1Andrych\u00f3w es un lugar tejido de atracciones!<\/em><\/p>\n<p>En invierno se puede esquiar o hacer snowboard en las pistas situadas en los centros &#8222;Czarny Gro\u0144&#8221; y &#8222;Kocierz&#8221;, y, en verano, se puede hacer senderismo de monta\u00f1a en el Beskid Ma\u0142y o, tanto en verano como en invierno, visitar las atracciones situadas en la comuna.<\/p>\n<p>Entre ellas cabe destacar las siguientes:<\/p>\n<ul>\n<li>El parque en miniatura llamado el mundo de los sue\u00f1os o, en polaco \u015awiat Marze\u0144.<\/li>\n<li>Fortaleza de Inwa\u0142d,<\/li>\n<li>Jard\u00edn de Juan Pablo II,<\/li>\n<li>Parque de Dinosaurios y Entretenimiento &#8222;Dinolandia&#8221;,<\/li>\n<li>Mini parque zool\u00f3gico &#8222;Kucyk&#8221;<\/li>\n<li>Pueblo m\u00e1gico en el centro &#8222;Czarny Gro\u0144&#8221;,<\/li>\n<li>un parque acu\u00e1tico natural y un parque de cuerdas en centro &#8222;Kocierz&#8221;,<\/li>\n<li>una piscina cubierta,<\/li>\n<li>una piscina al aire libre,<\/li>\n<li>el complejo &#8222;Stanica Hucu\u0142&#8221;,<\/li>\n<li>Museo Hist\u00f3rico y Etnogr\u00e1fico.<\/li>\n<\/ul>\n<p>[\/vc_column_text][\/vc_column][\/vc_row][vc_row][vc_column][vc_separator color=&#8221;sky&#8221; el_width=&#8221;90&#8243;][\/vc_column][\/vc_row][vc_row][vc_column][vc_column_text]<strong>Sistema de informaci\u00f3n espacial, \u00e1reas de inversi\u00f3n:<\/strong><\/p>\n<ul>\n<li><a href=\"https:\/\/andrychow.e-mapa.net\/\" target=\"_blank\" rel=\"noopener\">https:\/\/andrychow.e-mapa.net\/<\/a><\/li>\n<\/ul>\n<p><strong>Enlaces para saber m\u00e1s de la historia de Andrych\u00f3w:<\/strong><\/p>\n<ul>\n<li><a href=\"https:\/\/andrychow.eu\/gmina-andrychow\/\" target=\"_blank\" rel=\"noopener\">https:\/\/andrychow.eu\/gmina-andrychow\/<\/a><\/li>\n<li><a href=\"https:\/\/andrychow.eu\/gmina-andrychow\/\" target=\"_blank\" rel=\"noopener\">https:\/\/andrychow.eu\/gmina-andrychow\/<\/a><\/li>\n<li><a href=\"https:\/\/andrychow.eu\/turystyka\/historia-andrychowa\/\" target=\"_blank\" rel=\"noopener\">https:\/\/andrychow.eu\/turystyka\/historia-andrychowa\/<\/a><\/li>\n<\/ul>\n<p><strong>Turismo:<\/strong><\/p>\n<ul>\n<li><a href=\"http:\/\/www.moskit-andrychow.eu\/\" target=\"_blank\" rel=\"noopener\">http:\/\/www.moskit-andrychow.eu\/<\/a><\/li>\n<\/ul>\n<p>[\/vc_column_text][\/vc_column][\/vc_row][vc_row][vc_column][vc_separator color=&#8221;sky&#8221; el_width=&#8221;90&#8243;][\/vc_column][\/vc_row][vc_row][vc_column][vc_media_grid element_width=&#8221;3&#8243; grid_id=&#8221;vc_gid:1635418520076-e8421dd2-572d-10&#8243; include=&#8221;247,248,250,251,252,253&#8243;][\/vc_column][\/vc_row]<\/p>\n","protected":false},"excerpt":{"rendered":"<p>[vc_row][vc_column css=&#8221;.vc_custom_1632481409967{margin-top: 20px !important;}&#8221;][\/vc_column][\/vc_row][vc_row][vc_column width=&#8221;1\/4&#8243;][vc_single_image image=&#8221;379&#8243; img_size=&#8221;170&#215;200&#8243; alignment=&#8221;center&#8221;][\/vc_column][vc_column width=&#8221;3\/4&#8243;][vc_column_text] Comuna de Andrych\u00f3w 34-120 Andrych\u00f3w ul. Rynek 15 www.andrychow.eu tel\u00e9fono: 0048 (33) 842-99-00 o 0048 (33) 875-23-60<\/p>\n","protected":false},"author":1,"featured_media":0,"parent":568,"menu_order":0,"comment_status":"closed","ping_status":"closed","template":"","meta":{"footnotes":""},"class_list":["post-603","page","type-page","status-publish","hentry"],"lang":"es","translations":{"es":603,"pl":91,"de":587,"en":599,"fr":651},"pll_sync_post":[],"_links":{"self":[{"href":"https:\/\/inwestujwmalopolsce.eu\/index.php?rest_route=\/wp\/v2\/pages\/603","targetHints":{"allow":["GET"]}}],"collection":[{"href":"https:\/\/inwestujwmalopolsce.eu\/index.php?rest_route=\/wp\/v2\/pages"}],"about":[{"href":"https:\/\/inwestujwmalopolsce.eu\/index.php?rest_route=\/wp\/v2\/types\/page"}],"author":[{"embeddable":true,"href":"https:\/\/inwestujwmalopolsce.eu\/index.php?rest_route=\/wp\/v2\/users\/1"}],"replies":[{"embeddable":true,"href":"https:\/\/inwestujwmalopolsce.eu\/index.php?rest_route=%2Fwp%2Fv2%2Fcomments&post=603"}],"version-history":[{"count":1,"href":"https:\/\/inwestujwmalopolsce.eu\/index.php?rest_route=\/wp\/v2\/pages\/603\/revisions"}],"predecessor-version":[{"id":604,"href":"https:\/\/inwestujwmalopolsce.eu\/index.php?rest_route=\/wp\/v2\/pages\/603\/revisions\/604"}],"up":[{"embeddable":true,"href":"https:\/\/inwestujwmalopolsce.eu\/index.php?rest_route=\/wp\/v2\/pages\/568"}],"wp:attachment":[{"href":"https:\/\/inwestujwmalopolsce.eu\/index.php?rest_route=%2Fwp%2Fv2%2Fmedia&parent=603"}],"curies":[{"name":"wp","href":"https:\/\/api.w.org\/{rel}","templated":true}]}}