{"id":657,"date":"2023-04-23T11:51:24","date_gmt":"2023-04-23T09:51:24","guid":{"rendered":"https:\/\/inwestujwmalopolsce.eu\/?page_id=657"},"modified":"2023-04-23T12:33:31","modified_gmt":"2023-04-23T10:33:31","slug":"commune-de-chrzanow","status":"publish","type":"page","link":"https:\/\/inwestujwmalopolsce.eu\/?page_id=657&lang=fr","title":{"rendered":"commune de Chrzan\u00f3w"},"content":{"rendered":"<p>[vc_row][vc_column css=&#8221;.vc_custom_1632557546829{margin-top: 20px !important;}&#8221;][\/vc_column][\/vc_row][vc_row][vc_column width=&#8221;1\/4&#8243;][vc_single_image image=&#8221;372&#8243; img_size=&#8221;151&#215;200&#8243; alignment=&#8221;center&#8221;][\/vc_column][vc_column width=&#8221;3\/4&#8243;][vc_column_text]<\/p>\n<h4 style=\"text-align: center;\">Gmina Chrzan\u00f3w<\/h4>\n<p style=\"text-align: center;\">32-500 Chrzan\u00f3w<br \/>\nAleja Henryka 20<br \/>\n<a href=\"https:\/\/www.chrzanow.pl\/\" target=\"_blank\" rel=\"noopener\">www.chrzanow.pl<\/a><br \/>\ntel.: (32) 758-51-01<br \/>\ne-mail: sekretariat@chrzanow.pl<\/p>\n<p>[\/vc_column_text][\/vc_column][\/vc_row][vc_row][vc_column][vc_separator color=&#8221;sky&#8221; el_width=&#8221;90&#8243; css=&#8221;.vc_custom_1632557736053{margin-top: -50px !important;margin-bottom: -50px !important;}&#8221;][\/vc_column][\/vc_row][vc_row][vc_column][vc_column_text]<\/p>\n<h5 style=\"text-align: justify;\"><strong>Emplacement:<\/strong><\/h5>\n<ul style=\"text-align: justify;\">\n<li>\n<ul>\n<li>Emplacement: sud de la Pologne\/ occident de la Petite-Pologne<\/li>\n<li>Surface: 79,44 km<sup>2<\/sup>(zone urbaine \u2013 38,32 km<sup>2<\/sup>)<\/li>\n<li>Nombre d\u2019habitants: 46 321<\/li>\n<li>Communes limitrophes: Jaworzno, Trzebinia, Libi\u0105\u017c, Babice, Alwernia<\/li>\n<\/ul>\n<p>Un grand atout de Chrzan\u00f3w est son emplacement \u00e0 la fronti\u00e8re entre deux r\u00e9gions pr\u00e9sentant un potentiel \u00e9conomique, social et culturel important, soit la Petite-Pologne et la Sil\u00e9sie, et plus exactement au milieu de la route entre leurs chefs-lieux : Cracovie et Katowice. Ces deux villes peuvent \u00eatre rejointes depuis Chrzan\u00f3w par l\u2019autoroute A4 (il y a 3 sorties d\u2019autoroute ici) et par la route nationale n\u00b0 79. Depuis la ville, on peut arriver facilement \u00e0 l\u2019a\u00e9roport de Cracovie-Balice (Krak\u00f3w Airport) et \u00e0 celui de Katowice-Pyrzowice (Katowice Airport) situ\u00e9s respectivement \u00e0 20 et \u00e0 45 min en voiture. Cette commune est travers\u00e9e par deux lignes ferroviaires importantes : ligne d\u00e9j\u00e0 modernis\u00e9e n\u00b0 133 Cracovie-D\u0105browa G\u00f3rnicza et la ligne en cours de la modernisation n\u00b0 93 Trzebinia-Zebrzydowice.<\/li>\n<\/ul>\n<p>[\/vc_column_text][vc_column_text]<\/p>\n<h5 style=\"text-align: justify;\"><strong>Tourisme<\/strong><\/h5>\n<p>Une riche histoire, des monuments, des coins pittoresques, des vastes for\u00eats, de nombreux \u00e9v\u00e9nements culturels et sportifs \u2013 voici les atouts de la commune de Chrzan\u00f3w situ\u00e9e \u00e0 la fronti\u00e8re entre la Petite-Pologne et Sil\u00e9sie.<\/p>\n<p>Chrzan\u00f3w est une ville dont l\u2019histoire remonte \u00e0 plusieurs si\u00e8cles, fond\u00e9e sur la loi de Magdebourg au Moyen-\u00c2ge. Ce qui s\u2019est conserv\u00e9 jusqu\u2019\u00e0 nos jours, c\u2019est l\u2019am\u00e9nagement spatiale d\u2019origine de la vieille-ville (la Place principale avec les rues qui l\u2019entourent) avec l\u2019\u00e9glise St Nicolas bien sp\u00e9cifique. St Nicolas est \u00e9galement le patron de la ville. Initialement, Chrzan\u00f3w \u00e9tait un centre avec les douanes. Dans les si\u00e8cles suivants, elle s\u2019est transform\u00e9e en une ville artisane et commerciale. Pendant des si\u00e8cles, c\u2019\u00e9tait une ville multiculturelle. Il est \u00e0 souligner que dans les ann\u00e9es 1815-1846, elle faisait partie importante de la R\u00e9publique de Cracovie. \u00c0 la fin du XIXe et au d\u00e9but du XXe si\u00e8cle, elle est devenue un site industriel avec entre autres la Premi\u00e8re Usine des Locomotives en Pologne \u00ab\u00a0Fablok\u00a0\u00bb.<\/p>\n<p>Chrzan\u00f3w propose de nombreuses opportunit\u00e9s d\u2019un repos actif. Les for\u00eats occupants un tiers de la surface de la commune incitent aux randonn\u00e9es \u00e0 pied et \u00e0 v\u00e9lo. D\u2019un c\u00f4t\u00e9, la ville est entour\u00e9e de belles collines avec des carri\u00e8res, de l\u2019autre c\u00f4t\u00e9, on retrouve la vall\u00e9e de Chrzan\u00f3w avec de nombreux \u00e9tangs. Dans les villages autour de Chrzan\u00f3w, on retrouve des coins pittoresques. Les pentes \u00e0 Pogorzyce et \u00e0 P\u0142aza offrent une superbe vue sur la vall\u00e9e de la Vistule et sur le panorama du massif de Beskidy et des Tatras. C\u2019est \u00e9galement un excellement lieu de d\u00e9part pour visiter la r\u00e9gion \u2013 juste en quelques dizaines de minutes, vous arrivez \u00e0 Cracovie, Katowice, Bielsko, \u017bywiec ou \u00e0 Wadowice.<\/p>\n<p>Vous trouverez \u00e0 Chrzan\u00f3w de nombreux \u00e9v\u00e9nements culturels uniques destin\u00e9s \u00e0 un public diversifi\u00e9. Les expositions, les conf\u00e9rences, les concerts de musique et de folklore, les rencontres avec les auteurs, les concerts, les concours, les ateliers, les s\u00e9ances de cin\u00e9ma et les \u00e9v\u00e9nements en plein air \u2013 chacun trouvera sans doute quelque chose pour lui. Son offre culturelle est de plus en plus large.[\/vc_column_text][vc_column_text]<\/p>\n<h5 style=\"text-align: justify;\"><strong>Commerce\/Zone pour investisseurs<\/strong><\/h5>\n<p><strong>Gr\u00e2ce \u00e0 de nombreuses opportunit\u00e9s pour les investisseurs, \u00e0 un bon acc\u00e8s par le r\u00e9seau de transport, \u00e0 une haute qualit\u00e9 du march\u00e9 de travail, \u00e0 un climat social favorable, Chrzan\u00f3w est un milieu convivial, attractif et concurrentiel pour le d\u00e9veloppement des affaires.<\/strong><\/p>\n<p><strong>Chrzan\u00f3w subit des changements radicaux. Sauf les investissements publics, ce sont les investisseurs priv\u00e9s qui sont \u00e9galement actifs. Les soci\u00e9t\u00e9s telles que Dan Cake, Valeo Lightning, Swisspor et beaucoup d\u2019autres non seulement exercent ici leurs activit\u00e9s, mais dans les derni\u00e8res ann\u00e9es, ces 3 entit\u00e9s ont pris des d\u00e9cisions strat\u00e9giques pour poursuivre leur d\u00e9ploiement \u00e0 Chrzan\u00f3w. Elles pr\u00e9voient d\u2019investir un total d\u2019env. 100 000 000 zlotys pour l\u2019extension de leurs sites, pour les moderniser et pour accro\u00eetre leurs capacit\u00e9s en production. Par ailleurs, le fait de transf\u00e9rer leurs centres de recherche \u00e0 Chrzan\u00f3w prouve que ce milieu est tr\u00e8s favorable et qu\u2019elles ont des projets pour avenir li\u00e9s \u00e0 cette ville. Mais ce ne sont pas les seuls entrepreneurs ayant choisi Chrzan\u00f3w pour son potentiel de d\u00e9veloppement. Sur le terrain de l\u2019ancienne usine PFL Fablok S.A. et les terrains avoisinants, on observe une revitalisation. Ce site est g\u00e9r\u00e9 depuis des ann\u00e9es par une importante entreprise du secteur de traitement de l\u2019aluminium, soit la soci\u00e9t\u00e9 Hydro Extrusions. Les halles de production de Fablok ont \u00e9t\u00e9 achet\u00e9es r\u00e9cemment, et dans le voisinage se sont install\u00e9es des entit\u00e9s moins grandes, dont une entreprise polonaise innovante Dynamic Technology SARL qui con\u00e7oit des produits d\u2019entretien de qualit\u00e9 automobiles, utilitaires et commerciaux de la marque NanoMax.<\/strong><\/p>\n<p>En m\u00eame temps, sont construits des cit\u00e9s \u00e0 usage d\u2019habitation, la commune est en train de pr\u00e9parer son investissement qui prendra la forme des logements \u00e0 louer et des logements communaux. Sont \u00e9galement construites des maisons individuelles.<\/p>\n<p>Cette ville est de plus en plus attrayante en ce qui concerne les conditions de vie et d\u2019investissement. Un autre point important sur ce chemin sera la fin de la modernisation de la ligne ferroviaire n\u00b0 93, le plus grand investissement \u00e0 Chrzan\u00f3w depuis les dizaines d\u2019ann\u00e9es. Cet investissement comprend la modernisation des viaducs ferroviaires traversant les rues : Krakowska, 29 Listopada, Kad\u0142ubek et Zbo\u017cowa. Cette modernisation sera accompagn\u00e9e d\u2019investissements communaux dans le r\u00e9seau routier entre la rue Krakowska et la rue 29 Listopada ce qui permettra d\u2019augmenter significativement le niveau de la qualit\u00e9,\u00a0de la s\u00e9curit\u00e9 et le confort du d\u00e9placement \u00e0 Chrzan\u00f3w. Cette r\u00e9novation des voies, des arr\u00eats et de la traction ferroviaire permettra d\u2019\u00e9tablir un acc\u00e8s rapide et facile \u00e0 Cracovie, O\u015bwi\u0119cim, Krzeszowice et Zabierz\u00f3w.<\/p>\n<p>Voici trois priorit\u00e9s de cette ville:<\/p>\n<ul>\n<li>zone d\u2019investissement pr\u00e8s de l\u2019autoroute A4 et recherche de nouveaux investisseurs,<\/li>\n<li>soutien \u00e0 la construction \u00e0 usage d\u2019habitation et des maisons individuelles,<\/li>\n<li>\u00e9cologie.<\/li>\n<\/ul>\n<p>[\/vc_column_text][vc_column_text]Le plan en vigueur pr\u00e9voir env. 100 ha pour les sites de production, les stocks et les entrep\u00f4ts ainsi que pour les sites de production et de services. On pr\u00e9voit que la surface cible de cette zone sera d\u2019env. 280 ha. Dans le cadre du projet, il y aura des terrains qui seront affect\u00e9s aux \u00e9quipements de production d\u2019\u00e9nergie \u00e0 partir des sources renouvelables de plus de 100 kW. Un principe strat\u00e9gique du plan pr\u00e9voit d\u2019affecter une partie du terrain pour la construction d\u2019un Site thermique de transformation des d\u00e9chets \u00ab\u00a0usine d\u2019incin\u00e9ration\u00a0\u00e9cologique\u00bb qui permettra de r\u00e9pondre aux besoins \u00e9cologiques et \u00e9nerg\u00e9tiques de la commune et des ville voisines. On pr\u00e9voit \u00e9galement une extension du r\u00e9seau de transports pour assurer l\u2019acc\u00e8s aux nouvelles zones fonctionnelles. Vu le fait que la commune est actuellement en train d\u2019agrandir cette zone, il est encore possible d\u2019impl\u00e9menter des solutions d\u00e9di\u00e9es \u00e0 un investisseur pr\u00e9cis.<\/p>\n<p>Chrzan\u00f3w est une ville ouverte accompagnant toutes les entreprises, quel que soit le secteur ou la sp\u00e9cialisation. La commune favorise tous les nouveaux investissements qui contribuent \u00e0 son d\u00e9veloppement \u00e9conomique, toutefois, comme la protection de l\u2019environnement est une des priorit\u00e9s de la commune, il est essentiel que ce soit une activit\u00e9 qui en tient compte. Comme le pr\u00e9voit sa strat\u00e9gie, la priorit\u00e9 de la commune est de cr\u00e9er les conditions pour les entreprises cr\u00e9atives exer\u00e7ant une activit\u00e9 d\u2019innovation, la ville cherche donc avant tout les repr\u00e9sentants des secteurs tels que \u00ab\u00a0life science\u00a0\u00bb ou des entreprises faisant recours au mod\u00e8le GOZ [\u00c9conomie du circuit ferm\u00e9]. \u00c9tant donn\u00e9 qu\u2019il y a d\u00e9j\u00e0 des entreprises du secteur automobile qui se sont d\u00e9j\u00e0 install\u00e9es dans cette ville, la commune aimerait accueillir d\u2019avantage des entreprises de ce secteur. Compte tenu de sa coop\u00e9ration avec la Banque d\u2019Investissement Europ\u00e9enne, la commune est \u00e9galement int\u00e9ress\u00e9e par les relations avec des investisseurs du secteur de la construction \u00e9quilibr\u00e9e \u00e0 usage d\u2019habitation.[\/vc_column_text][vc_column_text]<\/p>\n<h5 style=\"text-align: justify;\">Zone d\u2019Investissement Polonaise<\/h5>\n<p>Les investisseurs pr\u00e9voyant d\u2019investir dans la commune de Chrzan\u00f3w peuvent compter sur une exon\u00e9ration de l\u2019imp\u00f4t sur le revenu CIT ou PIT dans le cadre de la Zone d\u2019Investissement Polonaise (PSI). Les investissements peuvent \u00eatre situ\u00e9s sur les terrains priv\u00e9s et publics. Intensit\u00e9 de l\u2019aide publique :<\/p>\n<ul>\n<li>grande entreprise: 35 %<\/li>\n<li>moyenne entreprise: 45 %<\/li>\n<li>petite entreprise et micro-entreprise: 55 %<\/li>\n<\/ul>\n<p>Par voie d\u2019exception, les seuils des d\u00e9penses d\u2019investissement au sein de la commune de Chrzan\u00f3w sont les moins \u00e9lev\u00e9 par rapport \u00e0 la majorit\u00e9 des implantations en Petite-Pologne o\u00f9 les investisseurs peuvent compter sur une aide. Pour une grande entreprise investissant \u00e0 Cracovie souhaitant de profiter d\u2019une aide, les d\u00e9penses d\u2019investissement doivent donc \u00eatre d\u2019au moins de 100 M PLN, soit dix fois de plus par rapport \u00e0 Chrzan\u00f3w !<\/p>\n<p>Type d\u2019entreprise\u00a0\u00a0\u00a0\u00a0\u00a0\u00a0\u00a0 d\u00e9penses d\u2019investissement minimales \u00e0 Chrzan\u00f3w<\/p>\n<p>Grande entreprise\u00a0\u00a0\u00a0\u00a0\u00a0\u00a0\u00a0\u00a0\u00a0\u00a0 10 M PLN<\/p>\n<p>Moyenne entreprise\u00a0\u00a0\u00a0\u00a0\u00a0\u00a0 2 M PLN<\/p>\n<p>Petite entreprise\u00a0\u00a0\u00a0\u00a0\u00a0\u00a0\u00a0\u00a0\u00a0\u00a0 500 K PLN<\/p>\n<p>Micro-entreprise\u00a0\u00a0\u00a0\u00a0\u00a0\u00a0\u00a0\u00a0\u00a0 200 K PLN<\/p>\n<p>Normalement, pour obtenir une aide, les investisseurs doivent r\u00e9pondre \u00e0 5 sur 10 crit\u00e8res. Ceux qui d\u00e9cident d\u2019investir \u00e0 Chrzan\u00f3w ne doivent remplir que 4 conditions.[\/vc_column_text][\/vc_column][\/vc_row][vc_row][vc_column][vc_separator color=&#8221;sky&#8221; el_width=&#8221;90&#8243;][\/vc_column][\/vc_row][vc_row][vc_column][vc_column_text]<\/p>\n<h5 style=\"text-align: center;\">Chrzan\u00f3w w 3d<\/h5>\n<p>[\/vc_column_text][vc_row_inner][vc_column_inner width=&#8221;1\/2&#8243;][vc_column_text]<\/p>\n<p style=\"text-align: center;\">przemys\u0142owo-us\u0142ugowy obszar inwestycyjny<\/p>\n<p>[\/vc_column_text][vc_single_image image=&#8221;313&#8243; img_size=&#8221;full&#8221; alignment=&#8221;center&#8221;][vc_btn title=&#8221;Zobacz podgl\u0105d&#8221; color=&#8221;sky&#8221; align=&#8221;center&#8221; link=&#8221;url:http%3A%2F%2Fchrzanow.polska3d.pl%2F%3Fscene%3DChrzan%C3%B3w%26cX%3D250.7183%26cY%3D1810.3724%26cZ%3D931.6792%26upX%3D0.0000%26upY%3D0.0000%26upZ%3D1.0000%26tX%3D892.4556%26tY%3D2176.6227%26tZ%3D303.2310|title:Zobacz%20podgl%C4%85d|target:_blank&#8221; css=&#8221;.vc_custom_1632560387804{margin-top: -40px !important;}&#8221;][\/vc_column_inner][vc_column_inner width=&#8221;1\/2&#8243;][vc_column_text]<\/p>\n<p style=\"text-align: center;\">mieszkalno-us\u0142ugowy obszar inwestycyjny<\/p>\n<p>[\/vc_column_text][vc_single_image image=&#8221;314&#8243; img_size=&#8221;full&#8221; alignment=&#8221;center&#8221;][vc_btn title=&#8221;Zobacz podgl\u0105d&#8221; color=&#8221;sky&#8221; align=&#8221;center&#8221; link=&#8221;url:http%3A%2F%2Fchrzanow.polska3d.pl%2F%3Fscene%3DChrzan%C3%B3w%26cX%3D1581.0741%26cY%3D868.7806%26cZ%3D598.0670%26upX%3D0.0000%26upY%3D0.0000%26upZ%3D1.0000%26tX%3D1242.7956%26tY%3D762.2533%26tZ%3D302.7462|title:Zobacz%20podgl%C4%85d|target:_blank&#8221; css=&#8221;.vc_custom_1632560404811{margin-top: -40px !important;}&#8221;][\/vc_column_inner][\/vc_row_inner][\/vc_column][\/vc_row][vc_row][vc_column css=&#8221;.vc_custom_1632560435530{margin-top: -40px !important;}&#8221;][vc_separator color=&#8221;sky&#8221; el_width=&#8221;90&#8243;][\/vc_column][\/vc_row][vc_row][vc_column][vc_media_grid element_width=&#8221;3&#8243; grid_id=&#8221;vc_gid:1682243204582-65d33800-1538-1&#8243; include=&#8221;293,294,295,296&#8243;][\/vc_column][\/vc_row]<\/p>\n","protected":false},"excerpt":{"rendered":"<p>[vc_row][vc_column css=&#8221;.vc_custom_1632557546829{margin-top: 20px !important;}&#8221;][\/vc_column][\/vc_row][vc_row][vc_column width=&#8221;1\/4&#8243;][vc_single_image image=&#8221;372&#8243; img_size=&#8221;151&#215;200&#8243; alignment=&#8221;center&#8221;][\/vc_column][vc_column width=&#8221;3\/4&#8243;][vc_column_text] Gmina Chrzan\u00f3w 32-500 Chrzan\u00f3w Aleja Henryka 20 www.chrzanow.pl tel.: (32) 758-51-01 e-mail: sekretariat@chrzanow.pl [\/vc_column_text][\/vc_column][\/vc_row][vc_row][vc_column][vc_separator color=&#8221;sky&#8221; el_width=&#8221;90&#8243; css=&#8221;.vc_custom_1632557736053{margin-top:<\/p>\n","protected":false},"author":1,"featured_media":0,"parent":646,"menu_order":0,"comment_status":"closed","ping_status":"closed","template":"","meta":{"footnotes":""},"class_list":["post-657","page","type-page","status-publish","hentry"],"lang":"fr","translations":{"fr":657,"es":556,"pl":97,"en":595},"pll_sync_post":[],"_links":{"self":[{"href":"https:\/\/inwestujwmalopolsce.eu\/index.php?rest_route=\/wp\/v2\/pages\/657","targetHints":{"allow":["GET"]}}],"collection":[{"href":"https:\/\/inwestujwmalopolsce.eu\/index.php?rest_route=\/wp\/v2\/pages"}],"about":[{"href":"https:\/\/inwestujwmalopolsce.eu\/index.php?rest_route=\/wp\/v2\/types\/page"}],"author":[{"embeddable":true,"href":"https:\/\/inwestujwmalopolsce.eu\/index.php?rest_route=\/wp\/v2\/users\/1"}],"replies":[{"embeddable":true,"href":"https:\/\/inwestujwmalopolsce.eu\/index.php?rest_route=%2Fwp%2Fv2%2Fcomments&post=657"}],"version-history":[{"count":1,"href":"https:\/\/inwestujwmalopolsce.eu\/index.php?rest_route=\/wp\/v2\/pages\/657\/revisions"}],"predecessor-version":[{"id":658,"href":"https:\/\/inwestujwmalopolsce.eu\/index.php?rest_route=\/wp\/v2\/pages\/657\/revisions\/658"}],"up":[{"embeddable":true,"href":"https:\/\/inwestujwmalopolsce.eu\/index.php?rest_route=\/wp\/v2\/pages\/646"}],"wp:attachment":[{"href":"https:\/\/inwestujwmalopolsce.eu\/index.php?rest_route=%2Fwp%2Fv2%2Fmedia&parent=657"}],"curies":[{"name":"wp","href":"https:\/\/api.w.org\/{rel}","templated":true}]}}