{"id":669,"date":"2023-04-23T12:18:11","date_gmt":"2023-04-23T10:18:11","guid":{"rendered":"https:\/\/inwestujwmalopolsce.eu\/?page_id=669"},"modified":"2023-04-23T12:32:31","modified_gmt":"2023-04-23T10:32:31","slug":"rgpd","status":"publish","type":"page","link":"https:\/\/inwestujwmalopolsce.eu\/?page_id=669&lang=fr","title":{"rendered":"RGPD"},"content":{"rendered":"<p>[vc_row][vc_column css=&#8221;.vc_custom_1632467993031{margin-top: 20px !important;}&#8221;][\/vc_column][\/vc_row][vc_row][vc_column][vc_column_text]<\/p>\n<div class=\"vc_row wpb_row vc_row-fluid mpc-row\">\n<div class=\"wpb_column vc_column_container vc_col-sm-12 mpc-column\" data-column-id=\"mpc_column-24614d7bec36750\">\n<div class=\"vc_column-inner\">\n<div class=\"wpb_wrapper\">\n<div class=\"wpb_text_column wpb_content_element \">\n<div class=\"wpb_wrapper\">\n<h3 style=\"text-align: center;\"><strong><span class=\"heavy_title\" data-uw-styling-context=\"true\">R\u00e8glement G\u00e9n\u00e9rale sur la Protection des Donn\u00e9es<\/span><\/strong><\/h3>\n<\/div>\n<\/div>\n<\/div>\n<\/div>\n<\/div>\n<\/div>\n<div class=\"vc_row wpb_row vc_row-fluid mpc-row\">\n<div class=\"wpb_column vc_column_container vc_col-sm-12 mpc-column\" data-column-id=\"mpc_column-98614d7bec3f785\">\n<div class=\"vc_column-inner\">\n<div class=\"wpb_wrapper\">\n<div class=\"wpb_text_column wpb_content_element \">\n<div class=\"wpb_wrapper\">\n<p><strong>Qu\u2019est-ce que c\u2019est le \u00ab RGPD \u00bb?<\/strong><\/p>\n<p>Le RGPD est un sigle commun\u00e9ment utilis\u00e9 pour d\u00e9signer le R\u00e8glement du Parlement Europ\u00e9en et du Conseil (UE) 2016\/679 du 27 avril 2016 relatif \u00e0 la protection des personnes physiques \u00e0 l&#8217;\u00e9gard du traitement des donn\u00e9es \u00e0 caract\u00e8re personnel et \u00e0 la libre circulation de ces donn\u00e9es, et abrogeant la directive 95\/46\/CE.<\/p>\n<p><strong>Quel est le but du RGPD?<\/strong><\/p>\n<p>L\u2019un des principaux objectifs de ce r\u00e8glement est d\u2019harmoniser les r\u00e8gles du traitement des donn\u00e9es \u00e0 caract\u00e8re personnel au sein de tous les \u00c9tats de l\u2019UE, et aussi d\u2019adapter la r\u00e8glementation aux changements des technologies du traitement des donn\u00e9es \u00e0 caract\u00e8re personnel.<\/p>\n<p><strong>Quand est-ce que le RGPD a \u00e9t\u00e9 mis en place?<\/strong><\/p>\n<p>Le RGPD a \u00e9t\u00e9 mis en place le 25 mai 2018.<\/p>\n<p><strong>Les actes l\u00e9gislatifs sur la protection des donn\u00e9es \u00e0 caract\u00e8re personnel sont-ils en vigueur en Pologne?<\/strong><\/p>\n<p>Oui. Loi du 10 mai 2018 sur la protection des donn\u00e9es \u00e0 caract\u00e8re personnel.<\/p>\n<p><strong>Pour le RGPD, est-il n\u00e9cessaire de prendre le contact avec ARMZ S.A.?<\/strong><\/p>\n<p>Non. Il n\u2019est pas n\u00e9cessaire de prendre contact sp\u00e9cialement avec ARMZ S.A. Pour tous les doutes, n\u2019h\u00e9sitez pas \u00e0 nous contacter. Pour tout ce qui concerne le traitement des donn\u00e9es \u00e0 caract\u00e8re personnel, veuillez nous contacter par email: <a href=\"mailto:biuro@armz.pl\">biuro@armz.pl<\/a>, par t\u00e9l\u00e9phone (32) 645 19 68 ou par courrier classique \u00e0 l\u2019adresse Agencja Rozwoju Ma\u0142opolski Zachodniej S.A. ul. Grunwaldzka 5, 32-500 Chrzan\u00f3w.<\/p>\n<p><strong>Est-il possible d\u2019obtenir des informations \u00e0 propos du mode du traitement des donn\u00e9es \u00e0 caract\u00e8re personnel par ARMZ S.A.?<\/strong><\/p>\n<p>Oui. Sur notre site Internet, vous trouverez une clause RGPD\u00a0(fichiers \u00e0 t\u00e9l\u00e9charger) o\u00f9 vous trouverez toutes les informations les plus pertinentes sur les modifications introduites par le RGPD, notamment pour tout ce qui concerne les nouveaux droits des personnes physiques dont les donn\u00e9es sont trait\u00e9es par nous et le mode de leur traitement.<\/p>\n<p><strong>\u00c0 t\u00e9l\u00e9charger<\/strong><\/p>\n<ul>\n<li><a href=\"https:\/\/armz.pl\/wp-content\/uploads\/2021\/03\/RODO_Informator.docx\" target=\"_blank\" rel=\"noopener\">Clause RGPD<\/a><\/li>\n<li><a href=\"https:\/\/armz.pl\/wp-content\/uploads\/2021\/03\/RODO_Facebook.docx\" target=\"_blank\" rel=\"noopener\">Clause RGPD sur le fanpage Facebook : Agencja Rozwoju Ma\u0142opolski Zachodniej S.A.<\/a><\/li>\n<\/ul>\n<p><strong>Pour prendre le contact avec le D\u00e9l\u00e9gu\u00e9 \u00e0 la Protection des Donn\u00e9es:<\/strong><\/p>\n<ul>\n<li>Aneta N\u0119dza \u2013 email: <a href=\"mailto:nedzaodo@interia.pl\">nedzaodo@interia.pl<\/a><\/li>\n<\/ul>\n<\/div>\n<\/div>\n<\/div>\n<\/div>\n<\/div>\n<\/div>\n<p>[\/vc_column_text][\/vc_column][\/vc_row]<\/p>\n","protected":false},"excerpt":{"rendered":"<p>[vc_row][vc_column css=&#8221;.vc_custom_1632467993031{margin-top: 20px !important;}&#8221;][\/vc_column][\/vc_row][vc_row][vc_column][vc_column_text] R\u00e8glement G\u00e9n\u00e9rale sur la Protection des Donn\u00e9es Qu\u2019est-ce que c\u2019est le \u00ab RGPD \u00bb? Le RGPD est un sigle commun\u00e9ment utilis\u00e9 pour<\/p>\n","protected":false},"author":1,"featured_media":0,"parent":0,"menu_order":0,"comment_status":"closed","ping_status":"closed","template":"","meta":{"footnotes":""},"class_list":["post-669","page","type-page","status-publish","hentry"],"lang":"fr","translations":{"fr":669,"pl":103},"pll_sync_post":[],"_links":{"self":[{"href":"https:\/\/inwestujwmalopolsce.eu\/index.php?rest_route=\/wp\/v2\/pages\/669","targetHints":{"allow":["GET"]}}],"collection":[{"href":"https:\/\/inwestujwmalopolsce.eu\/index.php?rest_route=\/wp\/v2\/pages"}],"about":[{"href":"https:\/\/inwestujwmalopolsce.eu\/index.php?rest_route=\/wp\/v2\/types\/page"}],"author":[{"embeddable":true,"href":"https:\/\/inwestujwmalopolsce.eu\/index.php?rest_route=\/wp\/v2\/users\/1"}],"replies":[{"embeddable":true,"href":"https:\/\/inwestujwmalopolsce.eu\/index.php?rest_route=%2Fwp%2Fv2%2Fcomments&post=669"}],"version-history":[{"count":1,"href":"https:\/\/inwestujwmalopolsce.eu\/index.php?rest_route=\/wp\/v2\/pages\/669\/revisions"}],"predecessor-version":[{"id":670,"href":"https:\/\/inwestujwmalopolsce.eu\/index.php?rest_route=\/wp\/v2\/pages\/669\/revisions\/670"}],"wp:attachment":[{"href":"https:\/\/inwestujwmalopolsce.eu\/index.php?rest_route=%2Fwp%2Fv2%2Fmedia&parent=669"}],"curies":[{"name":"wp","href":"https:\/\/api.w.org\/{rel}","templated":true}]}}