{"id":85,"date":"2021-09-13T14:20:57","date_gmt":"2021-09-13T12:20:57","guid":{"rendered":"http:\/\/inwestujwmalopolsce.eu\/?page_id=85"},"modified":"2021-10-06T09:36:50","modified_gmt":"2021-10-06T07:36:50","slug":"o-projekcie","status":"publish","type":"page","link":"https:\/\/inwestujwmalopolsce.eu\/?page_id=85","title":{"rendered":"O projekcie"},"content":{"rendered":"<p>[vc_row][vc_column css=&#8221;.vc_custom_1633251494124{margin-top: 20px !important;}&#8221;][\/vc_column][\/vc_row][vc_row][vc_column][vc_single_image image=&#8221;416&#8243; img_size=&#8221;full&#8221; alignment=&#8221;center&#8221;][\/vc_column][\/vc_row][vc_row][vc_column][vc_column_text]<\/p>\n<h4 style=\"text-align: center;\">Projekt realizowany pod patronatem Marsza\u0142ka Wojew\u00f3dztwa Ma\u0142opolskiego Witolda Koz\u0142owskiego<\/h4>\n<p><img loading=\"lazy\" decoding=\"async\" class=\"size-full wp-image-426 aligncenter\" src=\"https:\/\/inwestujwmalopolsce.eu\/wp-content\/uploads\/2021\/10\/TVP3-logo-m.png\" alt=\"\" width=\"191\" height=\"81\" srcset=\"https:\/\/inwestujwmalopolsce.eu\/wp-content\/uploads\/2021\/10\/TVP3-logo-m.png 191w, https:\/\/inwestujwmalopolsce.eu\/wp-content\/uploads\/2021\/10\/TVP3-logo-m-50x21.png 50w, https:\/\/inwestujwmalopolsce.eu\/wp-content\/uploads\/2021\/10\/TVP3-logo-m-150x64.png 150w\" sizes=\"auto, (max-width:767px) 191px, 191px\" \/><\/p>\n<h4 style=\"text-align: center;\">Patron medialny TVP Krak\u00f3w<\/h4>\n<p>[\/vc_column_text][\/vc_column][\/vc_row][vc_row][vc_column][vc_column_text]<\/p>\n<p style=\"text-align: justify;\"><strong data-uw-styling-context=\"true\">Projekt wsp\u00f3\u0142finansowany w ramach Europejskiego Funduszu Rozwoju Regionalnego.<\/strong><\/p>\n<p style=\"text-align: justify;\"><span data-uw-styling-context=\"true\">Celami g\u0142\u00f3wnymi projektu s\u0105: rozw\u00f3j gospodarczy wojew\u00f3dztwa ma\u0142opolskiego oraz wsparcie ma\u0142opolskich M\u015aP w ekspansji na rynki zagraniczne.<\/span><\/p>\n<p style=\"text-align: justify;\"><span data-uw-styling-context=\"true\">Pierwszy z wskazanych cel\u00f3w zostanie osi\u0105gni\u0119ty poprzez szereg dzia\u0142a\u0144 realizowanych w ramach projektu, w\u015br\u00f3d kt\u00f3rym wymieni\u0107 nale\u017cy w szczeg\u00f3lno\u015bci:<\/span><\/p>\n<ul style=\"text-align: justify;\">\n<li><span data-uw-styling-context=\"true\">udzia\u0142 5 przedstawicieli JST w targach gospodarczych Expo Real 2021 w Monachium<\/span><\/li>\n<li><span data-uw-styling-context=\"true\">uruchomienie strony internetowej zawieraj\u0105cej informacje o terenach inwestycyjnych zlokalizowanych w woj. Ma\u0142opolskim \u2013 strona dost\u0119pna b\u0119dzie w trzech wersjach j\u0119zykowych<\/span><\/li>\n<li><span data-uw-styling-context=\"true\">przeprowadzenie kampanii reklamowej w mediach spo\u0142eczno\u015bciowych, telewizji oraz magazynach bran\u017cowych.<\/span><\/li>\n<\/ul>\n<p style=\"text-align: justify;\"><span data-uw-styling-context=\"true\">Zrealizowanie wy\u017cej wymienionych dzia\u0142a\u0144 pozwoli na rozpowszechnienie zar\u00f3wno w kraju jak i za granic\u0105 oferty inwestycyjnej wojew\u00f3dztwa Ma\u0142opolskiego oraz przyczyni si\u0119 do promocji za rynku krajowym jak i na rynkach zagranicznych teren\u00f3w gospodarczych wojew\u00f3dztwa Ma\u0142opolskiego.<\/span><\/p>\n<p style=\"text-align: justify;\"><span data-uw-styling-context=\"true\">Drugi z cel\u00f3w zostanie osi\u0105gni\u0119ty poprzez udzia\u0142 przedsi\u0119biorc\u00f3w z sektora M\u015aP z\u00a0terenu wojew\u00f3dztwa Ma\u0142opolskiego w gospodarczych targach mi\u0119dzynarodowych w charakterze wystawcy\/uczestnika. Udzia\u0142 w targach poprzedzony b\u0119dzie udzia\u0142em uczestnik\u00f3w projektu w warsztatach kulturowych, szkoleniach dot. eksportu, doradztwie m.in. w zakresie tworzenia strategii ekspansji. Ponadto planuje si\u0119 sparowanie przedsi\u0119biorc\u00f3w z przedstawicielami sektora nauki co pozwoli na wygenerowania szeregu pozytywnych czynnik\u00f3w wynikaj\u0105cych z takiej wsp\u00f3\u0142pracy, ale r\u00f3wnie\u017c pozwoli na wzmocnienie efektywno\u015bci uczestnictwa ka\u017cdego z przedsi\u0119biorc\u00f3w w organizowanych misjach gospodarczych.<\/span><\/p>\n<p style=\"text-align: justify;\"><span data-uw-styling-context=\"true\">W ramach projektu firmy b\u0119d\u0105 mog\u0142y zwi\u0119kszy\u0107 liczb\u0119 swoich kontrahent\u00f3w zagranicznych lub rozpocz\u0105\u0107 dzia\u0142alno\u015b\u0107 eksportow\u0105, zyska\u0107 nowe zlecenia, zdoby\u0107 nowe kontakty biznesowe, zyska\u0107 do\u015bwiadczenie poprzez uczestnictwo w targach bran\u017cowych, pozna\u0107 zwyczaje obowi\u0105zuj\u0105ce na rynkach azjatyckich oraz zdoby\u0107 wiedz\u0119 na temat oferty przedsi\u0119biorstw o podobnym profilu dzia\u0142alno\u015bci w innych pa\u0144stwach.<\/span><\/p>\n<p style=\"text-align: justify;\"><span data-uw-styling-context=\"true\">Na ka\u017cdych targach oferujemy pokrycie koszt\u00f3w podr\u00f3\u017cy, bilet\u00f3w wst\u0119pu na targi, profesjonalnie zabudowan\u0105 powierzchni\u0119 wystawiennicz\u0105, mo\u017cliwo\u015b\u0107 promocji firmy na wydarzeniach targowych, us\u0142ugi t\u0142umacza, organizacj\u0119 spotka\u0144 B2B z\u00a0potencjalnymi inwestorami.<\/span><\/p>\n<p style=\"text-align: justify;\"><span data-uw-styling-context=\"true\">Wszystkie dzia\u0142ania realizowane s\u0105 w ramach projektu\u00a0<strong data-uw-styling-context=\"true\">\u201e<\/strong><strong><em data-uw-styling-context=\"true\">Realizacja kompleksowego projektu obejmuj\u0105cego wsparcie ma\u0142opolskiej bran\u017cy kreatywnej i ICT na rynkach mi\u0119dzynarodowych, oraz wsparcie JST w pozyskiwaniu inwestor\u00f3w.<\/em><\/strong><strong data-uw-styling-context=\"true\">\u201d\u00a0<\/strong>ze \u015brodk\u00f3w Regionalnego Programu Operacyjnego Wojew\u00f3dztwa Ma\u0142opolskiego 2014-2020, O\u015b priorytetowa 3 Przedsi\u0119biorcza Ma\u0142opolska, Dzia\u0142anie 3.3 Umi\u0119dzynarodowienie ma\u0142opolskiej gospodarki, Poddzia\u0142anie 3.3.1 Promocja Gospodarcza Ma\u0142opolski.<\/span><\/p>\n<p style=\"text-align: justify;\"><span data-uw-styling-context=\"true\">Kwota dofinansowania: <strong>5 629 016,85<\/strong> <strong>z\u0142otych<\/strong>.<\/span><\/p>\n<p style=\"text-align: justify;\"><span data-uw-styling-context=\"true\">Termin realizacji projektu: <strong>01.01.2021 r. \u2013 31.12.2022 r.<\/strong><\/span><\/p>\n<p>[\/vc_column_text][\/vc_column][\/vc_row][vc_row][vc_column width=&#8221;1\/3&#8243;][vc_column_text]<\/p>\n<p style=\"text-align: center;\"><strong>Lider projektu<\/strong><\/p>\n<p>[\/vc_column_text][vc_column_text]<\/p>\n<p style=\"text-align: center;\"><strong data-uw-styling-context=\"true\">AGENCJA ROZWOJU MA\u0141OPOLSKI ZACHODNIEJ<\/strong><\/p>\n<p style=\"text-align: center;\"><span data-uw-styling-context=\"true\">32-500 Chrzan\u00f3w<\/span><br \/>\n<span data-uw-styling-context=\"true\">ul. Grunwaldzka 5<\/span><br \/>\ntel.: 32\u00a0645-19-68<br \/>\n<span data-uw-styling-context=\"true\">e-mail: biuro@armz.pl<\/span><br \/>\n<a href=\"http:\/\/www.armz.pl\/\" target=\"_blank\" rel=\"noopener\"><strong data-uw-styling-context=\"true\">www.armz.pl<\/strong><\/a><\/p>\n<p>[\/vc_column_text][\/vc_column][vc_column width=&#8221;2\/3&#8243;][vc_column_text]<\/p>\n<p style=\"text-align: center;\"><strong>Partnerzy projektu<\/strong><\/p>\n<p>[\/vc_column_text][vc_row_inner][vc_column_inner width=&#8221;1\/2&#8243;][vc_column_text]<\/p>\n<p style=\"text-align: center;\"><span data-uw-styling-context=\"true\"><strong data-uw-styling-context=\"true\">Towarzystwo O\u015bwiatowe Ziemi Chrzanowskiej w Chrzanowie<\/strong><strong data-uw-styling-context=\"true\"><br \/>\n<\/strong>32-500 Chrzan\u00f3w<br \/>\nul. Garncarska 30<br \/>\ntel.: 32 645-19-98<strong data-uw-styling-context=\"true\"><br \/>\n<\/strong>e-mail: tozch@tozch.edu.pl<\/span><br \/>\n<a href=\"http:\/\/www.tozch.edu.pl\/\" target=\"_blank\" rel=\"noopener\"><strong data-uw-styling-context=\"true\">www.tozch.edu.pl<\/strong><\/a><\/p>\n<p>[\/vc_column_text][\/vc_column_inner][vc_column_inner width=&#8221;1\/2&#8243;][vc_column_text]<\/p>\n<p style=\"text-align: center;\"><strong data-uw-styling-context=\"true\">Chrzanowska Izba Gospodarcza<\/strong><\/p>\n<p style=\"text-align: center;\"><span data-uw-styling-context=\"true\">32-500 Chrzan\u00f3w<\/span><br \/>\n<span data-uw-styling-context=\"true\">ul. Rynek 12<\/span><br \/>\ntel.: 32\u00a0754-15-65<br \/>\n<span data-uw-styling-context=\"true\">e-mail: biuro@chrzanowskaizba.pl<\/span><br \/>\n<a href=\"http:\/\/www.chrzanowskaizba.pl\/\" target=\"_blank\" rel=\"noopener\"><strong data-uw-styling-context=\"true\">www.chrzanowskaizba.pl<\/strong><\/a><\/p>\n<p>[\/vc_column_text][\/vc_column_inner][\/vc_row_inner][\/vc_column][\/vc_row]<\/p>\n","protected":false},"excerpt":{"rendered":"<p>[vc_row][vc_column css=&#8221;.vc_custom_1633251494124{margin-top: 20px !important;}&#8221;][\/vc_column][\/vc_row][vc_row][vc_column][vc_single_image image=&#8221;416&#8243; img_size=&#8221;full&#8221; alignment=&#8221;center&#8221;][\/vc_column][\/vc_row][vc_row][vc_column][vc_column_text] Projekt realizowany pod patronatem Marsza\u0142ka Wojew\u00f3dztwa Ma\u0142opolskiego Witolda Koz\u0142owskiego Patron medialny TVP Krak\u00f3w [\/vc_column_text][\/vc_column][\/vc_row][vc_row][vc_column][vc_column_text] Projekt wsp\u00f3\u0142finansowany w ramach Europejskiego<\/p>\n","protected":false},"author":1,"featured_media":0,"parent":0,"menu_order":0,"comment_status":"closed","ping_status":"closed","template":"","meta":{"footnotes":""},"class_list":["post-85","page","type-page","status-publish","hentry"],"lang":"pl","translations":{"pl":85,"de":488,"en":507,"es":523,"fr":635},"pll_sync_post":[],"_links":{"self":[{"href":"https:\/\/inwestujwmalopolsce.eu\/index.php?rest_route=\/wp\/v2\/pages\/85","targetHints":{"allow":["GET"]}}],"collection":[{"href":"https:\/\/inwestujwmalopolsce.eu\/index.php?rest_route=\/wp\/v2\/pages"}],"about":[{"href":"https:\/\/inwestujwmalopolsce.eu\/index.php?rest_route=\/wp\/v2\/types\/page"}],"author":[{"embeddable":true,"href":"https:\/\/inwestujwmalopolsce.eu\/index.php?rest_route=\/wp\/v2\/users\/1"}],"replies":[{"embeddable":true,"href":"https:\/\/inwestujwmalopolsce.eu\/index.php?rest_route=%2Fwp%2Fv2%2Fcomments&post=85"}],"version-history":[{"count":10,"href":"https:\/\/inwestujwmalopolsce.eu\/index.php?rest_route=\/wp\/v2\/pages\/85\/revisions"}],"predecessor-version":[{"id":465,"href":"https:\/\/inwestujwmalopolsce.eu\/index.php?rest_route=\/wp\/v2\/pages\/85\/revisions\/465"}],"wp:attachment":[{"href":"https:\/\/inwestujwmalopolsce.eu\/index.php?rest_route=%2Fwp%2Fv2%2Fmedia&parent=85"}],"curies":[{"name":"wp","href":"https:\/\/api.w.org\/{rel}","templated":true}]}}